Selezionare il report desiderato (mese/anno)

Report relativo al mese/anno: 2018
                   Annual Climatological Summary for 2018

Name: MeteoBellaria   City: Bellaria I.M. (RN)   State: Italy
Elevation: 4 m  Lat: N 44 08' 38"   Lon: E 012 27' 55"

                  Temperature (C), Heat Base: 18.3  Cool Base: 18.3
                          Dep.  Heat  Cool                       Max  Max  Min  Min
        Mean  Mean        From  Deg   Deg                        >=   <=   <=   <=
 YR MO  Max   Min   Mean  Norm  Days  Days  Hi  Date  Low  Date 30.0 20.0  0.0  -5.0
------------------------------------------------------------------------------------
 18  1  10.5   3.6   6.9   0.0   354     0  17.7   3  -0.8    4    0   31    2    0
 18  2   7.1   0.4   4.2   0.0   395     0  15.2   1 -17.4   27    0   28    6    4
 18  3  11.2   3.9   7.9   0.0   322     0  19.3  29  -3.8   18    0   31    5    0
 18  4  19.1  10.4  15.3   0.0   105    16  25.0  20 -13.3   11    0   17    1    1
 18  5  22.9  13.3  19.2   0.0    34    62  27.2  28 -36.2    2    0    4    1    1
 18  6  27.1  16.9  22.8   0.0     4   138  44.5   9  -6.2    8    2    0    1    1
 18  7  28.5  18.4  25.1   0.0     0   211  32.7  31 -18.3   25    6    0    2    2
 18  8  29.3  20.3  25.1   0.0     2   212  32.4   1  15.0   27   15    0    0    0
 18  9  26.3  19.6  23.0   0.0    10   152  31.8  13   7.7   27    1    0    0    0
 18 10  19.3  18.6  18.9   0.0    17    37  23.0   8  14.1   12    0   28    0    0
 18 11  14.8  14.4  14.6   0.0   115     1  19.8   1   0.0   30    0   30    1    0
 18 12   6.4   0.3   3.4   0.0   466     0  19.8   8 -12.9   16    0   31   14    2
------------------------------------------------------------------------------------
        18.5  11.7  15.5   0.0  1828   830  44.5 giu -36.2  mag   24  200   33   11

                                Precipitation (mm)

              Dep.   Max        Days of Rain
              From   Obs.           >=
 YR MO Total  Norm   Day Date  1.0  5.0 20.0
---------------------------------------------
 18  1  46.0   0.0  17.6   9     5    3    0
 18  2 255.5   0.0  62.1  23    11    7    6
 18  3  48.8   0.0  21.0   5    10    2    1
 18  4  13.1   0.0   6.0   4     5    1    0
 18  5  28.3   0.0  12.3  23     5    2    0
 18  6  18.6   0.0   7.6  22     4    1    0
 18  7  29.6   0.0   9.1  16     6    3    0
 18  8  10.3   0.0   7.1  15     2    1    0
 18  9 696.4   0.0 690.9  11     4    1    1
 18 10   1.6   0.0   1.6   9     1    0    0
 18 11   3.9   0.0   3.1   4     1    0    0
 18 12   0.0   0.0   0.0   0     0    0    0
---------------------------------------------
      1152.1   0.0 690.9  set   54   21    8

                                Wind Speed (km/h)
                          Dom
 YR MO   Avg.  Hi   Date  Dir
------------------------------
 18  1   7.4  82.1    5   ONO
 18  2  12.1 164.0   18    NO
 18  3  10.4 165.0   16     O
 18  4   8.5  49.0   30    SE
 18  5   8.5  47.9    3    NO
 18  6   9.2  62.3   25     N
 18  7   8.4 122.0   24     E
 18  8   8.6 160.0   20   NNO
 18  9  10.0  84.6   13     E
 18 10   7.6  42.8    9     E
 18 11   8.4  29.5    6    SE
 18 12   5.6  95.8    8   ONO
------------------------------
         8.7 165.0  mar     N