Selezionare il report desiderato (mese/anno)

Report relativo al mese/anno: Gen 2018
                   Monthly Climatological Summary for gen 2018

Name: MeteoBellaria   City: Bellaria I.M. (RN)   State: Italy
Elevation: 4 m  Lat: N 44 08' 38"   Lon: E 012 27' 55"

                  Temperature (C), Rain (mm), Wind Speed (km/h)

                                      Heat  Cool        Avg
    Mean                              Deg   Deg         Wind                 Dom
Day Temp  High   Time   Low    Time   Days  Days  Rain  Speed High   Time    Dir
----------------------------------------------------------------------------------
 1   5.5  14.3   10.27   2.1   23.55  12.8   0.0   4.1  10.5  51.5   12.19   ONO
 2   5.8  11.0   15.29   1.4   05.45  12.5   0.0   6.9  11.1  42.8   09.42   ONO
 3   7.6  17.7   15.08   2.6   05.27  10.7   0.0   0.3  10.6  57.6   14.57     O
 4   6.6  11.0   13.39  -0.8   08.59  11.7   0.0   0.0   5.5  17.3   19.30   ONO
 5   5.3   6.3   16.24   3.3   04.29  13.0   0.0   0.0   3.0  82.1   08.09   ONO
 6   7.4  10.5   11.20   5.5   00.47  10.9   0.0   0.0   4.1  19.4   14.56    NO
 7   7.4   9.0   18.07   5.6   01.04  10.9   0.0   0.0   4.1  17.3   13.06     O
 8   8.8   9.6   15.59   7.8   00.25   9.5   0.0   0.0   4.6  17.3   04.21   ONO
 9  11.0  13.4   15.47   8.6   02.13   7.3   0.0  17.6  10.9  35.6   06.10   SSE
10   9.4  13.0   11.21   6.8   07.27   8.9   0.0   0.0   5.0  18.4   02.20     S
11   7.6   9.4   16.26   6.2   06.07  10.7   0.0   2.4   8.3  22.0   07.22   ONO
12   8.1  10.6   11.06   5.7   23.54  10.2   0.0   0.0   9.8  29.5   09.30   NNO
13   6.6   9.3   15.38   4.7   06.28  11.7   0.0   0.0  13.0  30.6   06.25    NO
14   6.4   7.5   13.55   4.7   22.17  12.0   0.0  14.1   8.9  20.9   03.04   ONO
15   5.8   7.6   13.23   3.4   08.33  12.5   0.0   0.0   7.7  22.0   05.31    NO
16   5.6   7.2   05.47   4.0   07.53  12.7   0.0   0.0   5.3  29.5   07.30    NO
17   7.2  13.4   14.39   3.6   08.35  11.1   0.0   0.3  19.3  74.5   15.45    NO
18   9.5  14.1   12.45   4.1   07.27   8.8   0.0   0.0   9.8  37.8   13.54     O
19  10.2  15.6   11.34   6.9   22.43   8.1   0.0   0.0   9.5  49.0   11.30     O
20   5.2   9.8   13.36   1.8   07.08  13.1   0.0   0.0   6.7  24.5   09.43   ONO
21   6.7  11.0   14.07   2.4   23.14  11.6   0.0   0.0   9.4  35.6   06.16    NO
22   5.7   9.7   12.21   1.7   02.14  12.6   0.0   0.0   5.0  15.8   11.10     S
23   6.4  10.6   13.05   2.3   23.54  11.9   0.0   0.0   8.1  28.1   10.56   ONO
24   4.9  10.5   13.40   0.9   03.13  13.4   0.0   0.0   4.7  20.9   10.35   ONO
25   5.4  10.5   14.20   1.0   07.39  12.9   0.0   0.0   3.5  14.8   14.22     O
26   5.3  10.2   15.11  -0.5   07.31  13.0   0.0   0.0   5.3  24.5   14.50   ONO
27   7.9   9.8   16.18   5.8   06.21  10.4   0.0   0.0   7.7  27.0   07.57   ONO
28   7.9   9.1   13.41   5.0   23.56  10.4   0.0   0.0   4.8  15.8   10.37     O
29   4.5   6.2   20.45   1.7   08.13  13.8   0.0   0.3   4.3  15.8   19.19   SSE
30   3.9   5.4   15.29   2.2   06.43  14.4   0.0   0.0   3.8  15.8   01.01   ONO
31   7.0  11.7   16.24   2.1   06.19  11.3   0.0   0.0   6.6  25.6   15.16   SSO
----------------------------------------------------------------------------------
     6.9  17.7     3    -0.8     4   354.8   0.0  46.0   7.4  82.1     5     ONO

Max >=  30.0:  0
Max <=  20.0: 31
Min <=   0.0:  2
Min <=  -5.0:  0
Max Rain: 17.6 on day 9
Days of Rain: 5 (>= 1.0 mm)  3 (>= 5.0 mm)  0 (>= 20.0 mm)
Heat Base: 18.3  Cool Base: 18.3  Method: Integration