Selezionare il report desiderato (mese/anno)

Report relativo al mese/anno: Feb 2018
                   Monthly Climatological Summary for feb 2018

Name: MeteoBellaria   City: Bellaria I.M. (RN)   State: Italy
Elevation: 4 m  Lat: N 44 08' 38"   Lon: E 012 27' 55"

                  Temperature (C), Rain (mm), Wind Speed (km/h)

                                      Heat  Cool        Avg
    Mean                              Deg   Deg         Wind                 Dom
Day Temp  High   Time   Low    Time   Days  Days  Rain  Speed High   Time    Dir
----------------------------------------------------------------------------------
 1  12.6  15.2   12.09  10.0   00.31   5.7   0.0   0.3  15.4  54.0   11.49   SSO
 2   7.9  11.1   00.00   3.3   23.42  10.4   0.0  32.1   8.1  36.7   10.53   ONO
 3   2.5   5.1   11.54   0.8   13.15  15.8   0.0  42.4  16.8  66.2   11.43   ONO
 4   5.1   8.0   14.20   1.6   07.41  13.2   0.0   2.8   7.0  24.5   00.47    NO
 5   4.5   8.9   18.23   0.1   06.40  13.8   0.0   0.0   5.0  14.8   16.16   ONO
 6   6.1   9.1   17.13  -5.6   12.09  12.2   0.0   3.8   7.7 162.0   12.09   ONO
 7   4.8   5.7   00.00   3.4   23.04  13.5   0.0   1.0  16.2  46.4   03.55   ONO
 8   5.9   9.7   14.08   2.3   06.35  12.4   0.0   0.0   5.1  36.7   16.28     S
 9   5.8  10.0   11.10   1.5   07.33  12.5   0.0   0.0   4.7  15.8   13.34     S
10   4.1   8.6   15.41   0.2   07.12  14.2   0.0   0.0  10.3  29.5   09.25    NO
11   5.0   8.3   13.49   1.3   23.30  13.3   0.0   0.0   9.3  27.0   00.21   NNO
12   3.9   7.9   11.49   1.2   00.36  14.4   0.0   2.8  11.3  49.0   21.11   ONO
13   4.3   6.5   14.37   0.9   23.51  14.0   0.0  13.8  14.0  46.4   08.52    NO
14   2.8   8.0   13.52  -5.4   23.06  15.5   0.0   0.0   7.2  20.9   15.01   ONO
15   3.0   8.0   14.00  -1.4   07.31  15.3   0.0   0.0   6.5  15.8   00.44   ONO
16   4.3   8.1   16.10   0.1   05.58  14.0   0.0   0.0   5.1  14.8   11.48     S
17   6.5   7.9   14.51   5.2   00.00  11.8   0.0   0.0   5.3  18.4   23.05   ONO
18   5.2   7.0   23.43   4.0   05.53  13.1   0.0  21.4  15.4 164.0   05.57     N
19   5.1   7.3   01.34   4.0   18.20  13.2   0.0   0.7  16.1  45.4   03.53   NNO
20   2.5   4.0   00.00   0.8   17.53  15.8   0.0   0.0  15.0  33.1   00.34   ONO
21   3.5   5.1   19.20   2.0   00.00  14.8   0.0  31.7  13.8  49.0   23.31   NNO
22   3.6   6.3   22.27   1.0   09.15  14.7   0.0  40.0  18.1  55.1   22.39     N
23   5.4   6.6   04.52   3.0   22.57  13.0   0.0  62.1  18.3  50.0   00.46   NNO
24   6.4   8.5   05.04   3.2   00.00  11.9   0.0   0.2  13.8  47.9   23.58    NO
25   2.8   6.6   00.00   0.2   23.36  15.5   0.0   0.2  24.5  57.6   23.48   ENE
26  -1.4   0.2   00.00  -3.2   18.53  19.7   0.0   0.0  24.3  54.0   00.55   NNE
27  -3.0  -0.3   16.20 -17.4   22.53  21.3   0.0   0.0  15.2  55.1   01.27    NO
28  -2.5   0.9   13.28  -7.3   07.02  20.8   0.0   0.2   8.9  22.0   15.02   SSO
----------------------------------------------------------------------------------
     4.2  15.2     1   -17.4    27   395.8   0.0 255.5  12.1 164.0    18      NO

Max >=  30.0:  0
Max <=  20.0: 28
Min <=   0.0:  6
Min <=  -5.0:  4
Max Rain: 62.1 on day 23
Days of Rain: 11 (>= 1.0 mm)  7 (>= 5.0 mm)  6 (>= 20.0 mm)
Heat Base: 18.3  Cool Base: 18.3  Method: Integration