Selezionare il report desiderato (mese/anno)

Report relativo al mese/anno: Apr 2018
                   Monthly Climatological Summary for apr 2018

Name: MeteoBellaria   City: Bellaria I.M. (RN)   State: Italy
Elevation: 4 m  Lat: N 44 08' 38"   Lon: E 012 27' 55"

                  Temperature (C), Rain (mm), Wind Speed (km/h)

                                      Heat  Cool        Avg
    Mean                              Deg   Deg         Wind                 Dom
Day Temp  High   Time   Low    Time   Days  Days  Rain  Speed High   Time    Dir
----------------------------------------------------------------------------------
 1  12.3  18.4   15.07   8.4   07.47   6.0   0.0   0.6  11.2  43.9   19.11     O
 2  12.0  16.2   10.56   8.1   07.30   6.3   0.0   0.0  10.1  35.6   16.35   SSO
 3  12.4  15.0   10.59   8.8   07.16   5.9   0.0   0.0   6.9  24.5   13.05     E
 4  12.5  18.2   17.29   8.9   03.08   5.8   0.0   6.0  10.9  40.3   22.31   SSE
 5  13.5  15.1   14.41  10.8   23.55   4.8   0.0   1.4   7.7  27.0   10.21   SSO
 6  12.0  15.1   11.04   8.5   04.44   6.3   0.0   0.1   6.0  19.4   14.42   ESE
 7  11.6  15.4   15.57   6.1   07.02   6.7   0.0   0.0   5.9  18.4   13.06   ENE
 8  11.4  15.0   15.02   6.4   05.41   6.9   0.0   0.0   8.5  41.8   15.22   ESE
 9  11.8  14.4   14.38   9.8   03.40   6.5   0.0   0.6   9.3  36.7   10.21   ONO
10  14.6  18.3   14.40   9.9   07.41   3.7   0.0   0.1   8.4  41.8   12.13   SSO
11  13.5  15.2   00.00 -13.3   23.42   4.8   0.0   1.4   8.6  31.7   19.21     E
12  13.8  15.2   06.21  12.7   20.34   4.5   0.0   1.5  12.5  35.6   02.11    SE
13  13.8  17.5   11.59  11.4   01.32   4.5   0.0   0.0   8.4  31.7   11.57   ESE
14  13.0  17.5   18.42   8.1   06.40   5.3   0.0   0.0   6.0  23.4   07.16    NO
15  15.1  18.6   16.43  11.0   00.40   3.2   0.0   0.0  11.5  34.2   13.06   ONO
16  16.1  21.3   13.28  11.7   02.14   2.7   0.6   0.0   9.7  35.6   09.19    NO
17  16.2  19.6   16.38  12.6   03.54   2.3   0.1   0.0   5.0  18.4   10.09     N
18  16.8  21.4   14.11  12.9   05.33   2.1   0.6   0.0   7.4  23.4   07.23    NO
19  16.5  21.8   17.52  10.5   05.52   2.6   0.8   0.0   8.2  24.5   08.52    NO
20  18.3  25.0   16.35  12.2   04.07   2.0   1.9   0.0   7.9  30.6   08.39    NO
21  17.7  21.9   15.16  11.8   07.02   1.8   1.2   0.0   8.3  33.1   18.12    SE
22  15.9  20.2   14.43   9.4   05.35   2.8   0.5   0.0   8.8  31.7   19.25   ESE
23  17.3  20.9   18.51  11.7   06.29   1.9   0.9   0.0   6.5  23.4   17.08    SE
24  19.0  23.0   10.01  14.9   06.53   1.0   1.7   0.0   6.2  22.0   19.17   ESE
25  19.7  24.1   10.22  14.0   07.15   0.7   2.1   0.0   8.9  31.7   16.47    SE
26  19.9  22.9   12.58  16.0   06.35   0.1   1.7   0.0   8.5  31.7   14.48   ESE
27  17.9  19.9   14.12  15.6   23.57   0.7   0.3   0.0   8.2  27.0   12.32     E
28  17.4  21.5   13.39  12.1   05.44   1.9   1.0   0.0   7.0  20.9   16.44     E
29  18.5  21.4   10.42  14.6   04.55   0.8   1.1   1.4   7.1  28.1   14.04     E
30  19.5  23.6   14.36  15.4   06.15   0.4   1.6   0.0  14.2  49.0   13.43   ONO
----------------------------------------------------------------------------------
    15.3  25.0    20   -13.3    11   105.0  16.1  13.1   8.5  49.0    30      SE

Max >=  30.0:  0
Max <=  20.0: 17
Min <=   0.0:  1
Min <=  -5.0:  1
Max Rain: 6.0 on day 4
Days of Rain: 5 (>= 1.0 mm)  1 (>= 5.0 mm)  0 (>= 20.0 mm)
Heat Base: 18.3  Cool Base: 18.3  Method: Integration