Selezionare il report desiderato (mese/anno)

Report relativo al mese/anno: Giu 2018
                   Monthly Climatological Summary for giu 2018

Name: MeteoBellaria   City: Bellaria I.M. (RN)   State: Italy
Elevation: 4 m  Lat: N 44 08' 38"   Lon: E 012 27' 55"

                  Temperature (C), Rain (mm), Wind Speed (km/h)

                                      Heat  Cool        Avg
    Mean                              Deg   Deg         Wind                 Dom
Day Temp  High   Time   Low    Time   Days  Days  Rain  Speed High   Time    Dir
----------------------------------------------------------------------------------
 1  23.0  26.1   14.07  19.0   06.09   0.0   4.7   0.0   9.8  24.5   17.45   SSO
 2  22.8  26.5   15.52  17.0   05.43   0.1   4.6   0.0   8.6  29.5   17.53    SE
 3  23.3  26.9   11.50  17.5   05.35   0.1   5.0   0.0   8.1  25.6   15.46    SE
 4  24.2  28.4   13.28  20.2   03.30   0.0   5.9   0.0   8.7  33.1   17.00   ESE
 5  22.4  26.6   15.18  19.2   05.00   0.0   4.1   0.0   9.7  28.1   05.46   ONO
 6  22.9  26.2   14.39  17.5   05.08   0.1   4.7   0.0   8.7  28.1   20.20   ESE
 7  23.6  26.3   14.25  19.4   05.35   0.0   5.3   0.0   9.7  29.5   18.11   ESE
 8  20.8  24.8   18.16  -6.2   03.08   0.0   2.5   4.3  11.2  37.8   05.30   ONO
 9  23.8  44.5   17.12  18.9   06.14   0.0   5.5   0.0  11.3  49.0   09.22   ONO
10  24.2  27.4   14.37  18.5   05.25   0.0   5.9   0.0   8.6  24.5   15.15    SE
11  24.5  27.6   14.40  19.2   05.39   0.0   6.2   0.0   8.3  27.0   15.05   ESE
12  26.1  31.1   16.23  22.0   03.02   0.0   7.8   0.0  10.8  43.9   13.54    SO
13  21.6  25.1   19.25  20.4   22.52   0.0   3.3   0.0  11.1  30.6   01.26     O
14  20.1  24.2   17.38  16.9   07.21   0.3   2.1   4.8   9.9  28.1   06.56    NO
15  21.6  24.9   16.58  16.5   05.35   0.2   3.5   0.0   7.2  27.0   09.59    NE
16  21.9  26.4   17.25  15.7   05.55   0.5   4.0   0.0   9.4  29.5   09.18    NO
17  23.1  27.5   17.05  17.2   04.55   0.1   4.9   0.0   8.0  29.5   09.35    NO
18  23.5  27.9   15.37  17.4   05.17   0.0   5.2   0.0  10.3  45.4   10.44   NNO
19  24.3  28.3   17.45  18.5   05.09   0.0   6.0   0.0   6.0  20.9   11.08   NNE
20  24.0  27.8   13.15  17.5   05.26   0.0   5.7   0.0   7.8  20.9   08.08   NNE
21  24.5  28.5   14.43  18.4   05.16   0.0   6.2   0.0   8.6  31.7   19.12    SE
22  22.7  25.9   11.55  19.7   16.40   0.0   4.4   7.6  11.4  50.0   13.47     E
23  21.0  23.3   17.03  16.1   23.58   0.2   2.9   0.1  10.9  41.8   09.41     E
24  20.1  24.2   14.49  13.4   05.41   1.3   3.1   0.0  10.6  35.6   17.46    SE
25  19.4  22.1   14.09  15.1   05.19   0.6   1.6   1.8   7.4  62.3   10.38   NNE
26  20.9  25.1   18.51  15.2   05.53   0.7   3.3   0.0  11.1  30.6   12.26   NNO
27  21.2  24.5   16.44  15.2   05.58   0.4   3.3   0.0   7.9  23.4   12.30   NNO
28  22.2  26.4   15.36  16.5   06.18   0.2   4.1   0.0   9.6  23.4   22.17     N
29  24.0  29.0   19.40  17.6   04.18   0.1   5.7   0.0   6.3  20.9   10.46   NNO
30  25.5  29.2   09.49  18.3   04.42   0.0   7.2   0.0   8.5  37.8   17.58    SE
----------------------------------------------------------------------------------
    22.8  44.5     9    -6.2     8     4.9 138.7  18.6   9.2  62.3    25      NE

Max >=  30.0:  2
Max <=  20.0:  0
Min <=   0.0:  1
Min <=  -5.0:  1
Max Rain: 7.6 on day 22
Days of Rain: 4 (>= 1.0 mm)  1 (>= 5.0 mm)  0 (>= 20.0 mm)
Heat Base: 18.3  Cool Base: 18.3  Method: Integration