Selezionare il report desiderato (mese/anno)

Report relativo al mese/anno: Lug 2018
                   Monthly Climatological Summary for lug 2018

Name: MeteoBellaria   City: Bellaria I.M. (RN)   State: Italy
Elevation: 4 m  Lat: N 44 08' 38"   Lon: E 012 27' 55"

                  Temperature (C), Rain (mm), Wind Speed (km/h)

                                      Heat  Cool        Avg
    Mean                              Deg   Deg         Wind                 Dom
Day Temp  High   Time   Low    Time   Days  Days  Rain  Speed High   Time    Dir
----------------------------------------------------------------------------------
 1  24.7  27.1   12.26  21.3   06.26   0.0   6.4   0.0  10.7  36.7   17.06     E
 2  24.8  26.5   20.13  21.4   06.34   0.0   6.5   0.0   9.2  24.5   13.41     E
 3  24.8  27.4   12.40  20.6   05.29   0.0   6.5   1.4   7.6  24.5   14.49     E
 4  25.0  27.9   16.19  20.9   06.10   0.0   6.7   0.1  10.3  83.2   00.32   NNE
 5  25.3  29.7   15.14  20.9   05.52   0.0   7.0   5.2   7.6  74.5   18.02     E
 6  23.9  28.1   12.09  21.3   23.55   0.0   5.6   0.7   7.4  28.1   12.31     O
 7  24.4  29.1   18.42  18.7   05.33   0.0   6.1   0.0   6.7  19.4   13.41   ESE
 8  25.1  27.9   18.31  20.0   03.00   0.0   6.8   0.0  10.9  50.0   22.39     E
 9  24.9  28.3   16.36  20.0   06.14   0.0   6.6   0.0   7.5  23.4   14.50   ESE
10  24.2  28.0   16.59  19.3   03.53   0.0   5.9   0.0  10.3  36.7   15.11    SE
11  24.6  26.2   14.48  21.6   05.19   0.0   6.3   0.1   9.7  27.0   09.20   NNE
12  24.6  27.4   17.27  20.8   05.40   0.0   6.3   0.0   9.3  29.5   18.44   ESE
13  24.5  27.3   15.17  19.7   04.51   0.0   6.2   0.0   8.5  25.6   11.06     E
14  25.3  27.7   15.31  20.3   05.48   0.0   7.0   0.0   8.4  25.6   15.16   ESE
15  25.8  28.3   16.14  21.8   06.11   0.0   7.5   0.0   9.3  27.0   00.53    NE
16  23.4  27.4   10.23  19.9   21.00   0.0   5.1   9.1   8.5  55.1   19.08   ENE
17  23.7  28.2   16.39  18.5   05.39   0.0   5.4   3.7   9.0  29.5   11.32    NO
18  22.7  23.8   12.24  19.6   05.31   0.0   4.4   0.0   6.1  13.3   01.19   ONO
19  25.2  26.2   08.52  20.8   06.49   0.0   6.9   0.0   6.7  11.2   00.00   OSO
20  26.3  29.3   16.26  20.9   05.11   0.0   8.0   2.6   7.7  29.5   15.37    SE
21  25.5  31.7   15.39  20.7   05.03   0.0   7.2   0.0   8.5  43.9   17.52     O
22  24.3  26.9   15.40  20.6   05.53   0.0   6.0   0.2   7.8  22.0   03.41    NO
23  24.4  29.0   18.09  17.8   09.37   0.0   6.2   6.5  11.8  52.6   03.09   NNO
24  25.4  29.7   15.23  19.3   06.16   0.0   7.1   0.0   8.2 122.0   02.00    NO
25  25.2  30.0   16.33 -18.3   05.03   0.4   7.3   0.0   7.2  17.3   02.24   OSO
26  25.6  30.1   10.37  -7.1   21.50   0.1   7.4   0.0   6.7  24.5   11.34   ESE
27  25.2  29.6   14.22  19.2   05.52   0.0   6.9   0.0   8.5  23.4   13.38     N
28  26.2  29.7   14.51  21.1   06.24   0.0   7.9   0.0   7.1  31.7   16.36   ESE
29  27.3  31.2   12.51  22.9   05.25   0.0   9.0   0.0   7.9  28.1   09.31   NNO
30  27.5  31.3   17.29  22.3   06.23   0.0   9.2   0.0   6.8  23.4   08.47   NNO
31  28.1  32.7   17.37  22.7   06.11   0.0   9.8   0.0   7.2  20.9   08.57     S
----------------------------------------------------------------------------------
    25.1  32.7    31   -18.3    25     0.5 211.2  29.6   8.4 122.0    24     ENE

Max >=  30.0:  6
Max <=  20.0:  0
Min <=   0.0:  2
Min <=  -5.0:  2
Max Rain: 9.1 on day 16
Days of Rain: 6 (>= 1.0 mm)  3 (>= 5.0 mm)  0 (>= 20.0 mm)
Heat Base: 18.3  Cool Base: 18.3  Method: Integration