Selezionare il report desiderato (mese/anno)

Report relativo al mese/anno: Ago 2018
                   Monthly Climatological Summary for ago 2018

Name: MeteoBellaria   City: Bellaria I.M. (RN)   State: Italy
Elevation: 4 m  Lat: N 44 08' 38"   Lon: E 012 27' 55"

                  Temperature (C), Rain (mm), Wind Speed (km/h)

                                      Heat  Cool        Avg
    Mean                              Deg   Deg         Wind                 Dom
Day Temp  High   Time   Low    Time   Days  Days  Rain  Speed High   Time    Dir
----------------------------------------------------------------------------------
 1  28.4  32.4   10.59  23.3   06.07   0.0  10.1   0.0   6.6  19.4   13.35   ENE
 2  27.5  31.3   15.58  23.2   06.14   0.0   9.2   0.0   6.5  27.0   10.28   NNO
 3  27.6  30.7   15.30  24.0   04.38   0.0   9.3   0.0   9.5  27.0   11.33   NNO
 4  27.3  30.6   17.50  23.3   05.16   0.0   9.0   0.0   8.9  27.0   08.14   NNO
 5  27.1  31.9   16.53  21.4   05.36   0.0   8.8   0.0   6.8  18.4   09.11     N
 6  25.6  30.4   13.18  22.7   01.14   0.0   7.3   0.0   6.5  22.0   13.02   SSE
 7  26.9  30.2   14.42  21.5   06.42   0.0   8.6   0.5   8.4  82.1   10.28   NNE
 8  27.4  31.2   18.38  23.4   05.35   0.0   9.1   0.0   7.0  23.4   14.22   NNO
 9  26.9  31.0   17.31  22.0   06.23   0.0   8.6   0.0   8.0  34.2   23.43    SE
10  26.7  29.7   13.17  22.1   07.09   0.0   8.4   0.0   7.7  24.5   18.23   ESE
11  27.2  31.2   12.54  21.3   07.03   0.0   8.9   0.0   7.5  29.5   14.51     E
12  26.1  29.8   11.11  20.8   06.15   0.0   7.8   0.0   7.3  23.4   09.03     N
13  26.4  30.0   15.42  21.2   06.34   0.0   8.1   0.0   7.8  84.6   16.42   ESE
14  23.8  28.2   13.48  18.8   19.33   0.0   5.5   0.3   7.8  55.1   18.26    NO
15  22.7  27.7   17.13  19.3   00.00   0.0   4.4   7.1  12.6  39.2   12.05    NO
16  24.2  28.8   15.23  19.4   03.20   0.0   5.9   0.0   8.3  29.5   08.30    NO
17  24.2  29.5   14.34  17.8   06.32   0.0   5.9   0.0   8.1  23.4   09.45    NO
18  25.0  29.5   16.08  18.7   06.51   0.0   6.7   0.0   6.5  22.0   08.59   NNO
19  25.5  30.0   16.53  20.5   06.20   0.0   7.2   0.0   9.2  33.1   08.10    NO
20  25.8  30.3   19.33  21.0   06.52   0.0   7.5   0.0   9.1 160.0   19.33    NO
21  25.7  30.0   16.14  20.1   06.17   0.0   7.4   0.0   7.8 159.0   00.37   NNO
22  25.6  30.0   12.48  19.8   06.51   0.0   7.3   0.0   7.8  29.5   09.07    NO
23  25.6  29.8   16.06  20.0   06.28   0.0   7.3   0.0   6.8  22.0   16.12    NE
24  25.5  29.4   13.01  20.1   06.36   0.0   7.2   0.0   7.6  29.5   19.28   ESE
25  24.0  27.4   12.17  21.6   05.29   0.0   5.7   1.8  11.9  49.0   18.30    SE
26  20.4  22.5   00.00  16.8   23.56   0.2   2.2   0.5  20.5 159.0   20.06    SE
27  19.6  26.2   15.53  15.0   07.00   1.0   2.3   0.1  11.5  33.1   10.58    NO
28  21.6  27.2   15.20  15.2   06.06   0.7   4.0   0.0   8.8  31.7   09.36    NO
29  22.5  27.6   12.00  16.1   06.25   0.4   4.6   0.0   8.2  22.0   12.00   NNO
30  23.6  28.3   17.34  18.0   06.31   0.0   5.3   0.0   6.7  22.0   14.14   ESE
31  21.3  26.6   11.13  20.6   02.54   0.0   3.0   0.0   9.3  24.5   14.54    SE
----------------------------------------------------------------------------------
    25.1  32.4     1    15.0    27     2.3 212.6  10.3   8.6 160.0    20       N

Max >=  30.0: 15
Max <=  20.0:  0
Min <=   0.0:  0
Min <=  -5.0:  0
Max Rain: 7.1 on day 15
Days of Rain: 2 (>= 1.0 mm)  1 (>= 5.0 mm)  0 (>= 20.0 mm)
Heat Base: 18.3  Cool Base: 18.3  Method: Integration