Selezionare il report desiderato (mese/anno)

Report relativo al mese/anno: Set 2018
                   Monthly Climatological Summary for set 2018

Name: MeteoBellaria   City: Bellaria I.M. (RN)   State: Italy
Elevation: 4 m  Lat: N 44 08' 38"   Lon: E 012 27' 55"

                  Temperature (C), Rain (mm), Wind Speed (km/h)

                                      Heat  Cool        Avg
    Mean                              Deg   Deg         Wind                 Dom
Day Temp  High   Time   Low    Time   Days  Days  Rain  Speed High   Time    Dir
----------------------------------------------------------------------------------
 1  21.3  21.3   00.00  21.3   00.00   0.0   3.0   0.0  15.8  23.4   00.00    SE
 2  22.4  28.0   20.03  21.3   00.00   0.0   4.1   0.0  14.6  23.4   00.00    SE
 3  28.0  28.0   00.00  28.0   00.00   0.0   9.7   0.0   8.6  11.2   00.00     O
 4  28.0  28.0   00.00  28.0   00.00   0.0   9.7   0.0   8.6  11.2   00.00     O
 5  28.0  28.0   00.00  28.0   00.00   0.0   9.7   0.0   8.6  11.2   00.00     O
 6  28.0  28.0   00.00  28.0   00.00   0.0   9.7   0.0   8.6  11.2   00.00     O
 7  27.1  28.6   10.36  20.5   06.25   0.0   8.8   0.0  11.7  17.3   10.36     N
 8  26.9  29.5   15.30  20.2   23.38   0.0   8.6   0.0  10.4  17.3   00.00    NE
 9  23.0  26.1   14.41  17.5   06.25   0.1   4.7   0.0   7.5  17.3   11.59   ENE
10  26.0  26.0   00.00  26.0   00.00   0.0   7.7   0.0  11.5  14.8   00.00     E
11  26.3  29.6   21.43  26.0   00.00   0.0   8.0 690.9  11.1  15.8   22.18     E
12  25.0  29.9   19.08  21.0   10.43   0.0   6.7   0.0   8.8  28.1   13.28    NO
13  23.1  31.8   13.01  19.8   07.31   0.0   4.8   0.0   6.4  84.6   05.31   NNE
14  23.6  26.8   13.26  12.1   11.11   0.0   5.3   0.0   6.8  24.5   10.20   SSE
15  23.4  26.4   13.17  18.9   07.13   0.0   5.1   0.0   6.5  25.6   09.37   NNE
16  23.1  26.1   13.55  19.2   06.07   0.0   4.8   0.0   6.6  22.0   14.15   ENE
17  23.2  26.2   13.58  19.9   06.08   0.0   4.9   1.0   5.2  20.9   14.14   SSE
18  22.1  25.5   14.11  18.3   07.09   0.0   3.8   0.1   6.5  22.0   15.57    NO
19  22.8  26.1   13.34  18.9   03.48   0.0   4.5   0.0   6.9  19.4   13.56   NNO
20  22.7  27.0   16.58  17.7   07.01   0.0   4.4   0.0   7.7  27.0   09.29    NO
21  22.7  26.9   14.07  17.5   06.38   0.1   4.5   0.0   7.8  27.0   20.22    SE
22  23.9  27.2   13.31  19.5   06.21   0.0   5.6   0.0   6.5  18.4   13.33    SE
23  23.0  25.9   14.26  19.3   08.45   0.0   4.7   0.0   9.4  25.6   18.50     O
24  21.9  25.1   11.26  19.1   12.47   0.0   3.6   1.6  18.5  80.6   12.45     E
25  18.6  20.5   00.00  17.3   23.58   0.1   0.4   0.0  27.2  60.1   06.15     E
26  15.4  21.0   14.47  10.0   23.36   2.9   0.0   0.0  18.6  66.2   03.06    NE
27  14.5  21.3   17.05   7.7   07.08   4.5   0.6   0.0   7.4  23.4   09.39   ONO
28  17.8  26.2   16.00  11.5   06.09   2.3   1.8   2.8   8.9  31.7   10.45   ONO
29  18.9  22.0   12.32  16.3   00.35   0.8   1.4   0.0  11.3  50.0   16.43     E
30  19.8  25.2   16.23  19.8   00.00   0.0   1.5   0.0   7.6  24.5   01.23   ESE
----------------------------------------------------------------------------------
    23.0  31.8    13     7.7    27    10.8 152.1 696.4  10.0  84.6    13     ENE

Max >=  30.0:  1
Max <=  20.0:  0
Min <=   0.0:  0
Min <=  -5.0:  0
Max Rain: 690.9 on day 11
Days of Rain: 4 (>= 1.0 mm)  1 (>= 5.0 mm)  1 (>= 20.0 mm)
Heat Base: 18.3  Cool Base: 18.3  Method: Integration