Selezionare il report desiderato (mese/anno)

Report relativo al mese/anno: Ott 2018
                   Monthly Climatological Summary for ott 2018

Name: MeteoBellaria   City: Bellaria I.M. (RN)   State: Italy
Elevation: 4 m  Lat: N 44 08' 38"   Lon: E 012 27' 55"

                  Temperature (C), Rain (mm), Wind Speed (km/h)

                                      Heat  Cool        Avg
    Mean                              Deg   Deg         Wind                 Dom
Day Temp  High   Time   Low    Time   Days  Days  Rain  Speed High   Time    Dir
----------------------------------------------------------------------------------
 1  19.8  19.8   00.00  19.8   00.00   0.0   1.5   0.0   7.1  34.2   15.14    SE
 2  19.1  19.8   00.00  18.4   12.17   0.0   0.8   0.0   6.1   8.6   00.00   SSO
 3  18.4  18.4   00.00  18.4   00.00   0.0   0.1   0.0   6.1   7.2   00.00     O
 4  18.4  18.4   00.00  18.4   00.00   0.0   0.1   0.0   6.1   7.2   00.00     O
 5  18.4  18.4   00.00  18.4   00.00   0.0   0.1   0.0   6.1   7.2   00.00     O
 6  18.4  18.4   00.00  18.4   00.00   0.0   0.1   0.0   6.1   7.2   00.00     O
 7  20.1  20.8   06.45  18.4   00.00   0.0   1.8   0.0   3.5   7.2   00.00     O
 8  22.3  23.0   07.30  20.8   00.00   0.0   4.0   0.0   5.7   9.7   07.30     S
 9  20.5  23.0   00.00  18.1   10.10   0.0   2.3   1.6  15.1  42.8   10.10   ESE
10  17.0  19.1   00.00  15.0   11.44   1.7   0.4   0.0  21.6  41.8   11.44     E
11  15.0  15.0   00.00  15.0   00.00   3.3   0.0   0.0  28.1  41.8   00.00     E
12  14.2  15.0   00.00  14.1   03.50   4.1   0.0   0.0  12.7  41.8   00.00   SSE
13  14.1  14.1   00.00  14.1   00.00   4.2   0.0   0.0   9.7  11.2   00.00     S
14  14.8  19.8   21.08  14.1   00.00   3.7   0.2   0.0  10.0  15.8   21.08     S
15  19.8  19.8   00.00  19.8   00.00   0.0   1.5   0.0  10.4  15.8   00.00    SE
16  19.8  19.8   00.00  19.8   00.00   0.0   1.5   0.0   5.0   7.2   00.00    NE
17  19.8  19.8   00.00  19.8   00.00   0.0   1.5   0.0   5.0   7.2   00.00    NE
18  19.8  19.8   00.00  19.8   00.00   0.0   1.5   0.0   5.0   7.2   00.00    NE
19  19.8  19.8   00.00  19.8   00.00   0.0   1.5   0.0   5.0   7.2   00.00    NE
20  19.8  19.8   00.00  19.8   00.00   0.0   1.5   0.0   5.0   7.2   00.00    NE
21  19.8  19.8   00.00  19.8   00.00   0.0   1.5   0.0   5.0   7.2   00.00    NE
22  19.8  19.8   00.00  19.8   00.00   0.0   1.5   0.0   5.0   7.2   00.00    NE
23  19.8  19.8   00.00  19.8   00.00   0.0   1.5   0.0   5.0   7.2   00.00    NE
24  19.8  19.8   00.00  19.8   00.00   0.0   1.5   0.0   5.0   7.2   00.00    NE
25  19.8  19.8   00.00  19.8   00.00   0.0   1.5   0.0   5.0   7.2   00.00    NE
26  19.8  19.8   00.00  19.8   00.00   0.0   1.5   0.0   5.0   7.2   00.00    NE
27  19.8  19.8   00.00  19.8   00.00   0.0   1.5   0.0   5.0   7.2   00.00    NE
28  19.8  19.8   00.00  19.8   00.00   0.0   1.6   0.0   5.0   7.2   00.00    NE
29  19.8  19.8   00.00  19.8   00.00   0.0   1.5   0.0   5.0   7.2   00.00    NE
30  19.8  19.8   00.00  19.8   00.00   0.0   1.5   0.0   5.0   7.2   00.00    NE
31  19.8  19.8   00.00  19.8   00.00   0.0   1.5   0.0   5.0   7.2   00.00    NE
----------------------------------------------------------------------------------
    18.9  23.0     8    14.1    12    17.0  37.0   1.6   7.6  42.8     9       E

Max >=  30.0:  0
Max <=  20.0: 28
Min <=   0.0:  0
Min <=  -5.0:  0
Max Rain: 1.6 on day 9
Days of Rain: 1 (>= 1.0 mm)  0 (>= 5.0 mm)  0 (>= 20.0 mm)
Heat Base: 18.3  Cool Base: 18.3  Method: Integration