Selezionare il report desiderato (mese/anno)

Report relativo al mese/anno: Nov 2018
                   Monthly Climatological Summary for nov 2018

Name: MeteoBellaria   City: Bellaria I.M. (RN)   State: Italy
Elevation: 4 m  Lat: N 44 08' 38"   Lon: E 012 27' 55"

                  Temperature (C), Rain (mm), Wind Speed (km/h)

                                      Heat  Cool        Avg
    Mean                              Deg   Deg         Wind                 Dom
Day Temp  High   Time   Low    Time   Days  Days  Rain  Speed High   Time    Dir
----------------------------------------------------------------------------------
 1  18.7  19.8   00.00  14.6   22.49   0.6   1.0   0.0   6.5  20.9   18.50   ENE
 2  13.7  14.6   00.00  13.5   06.49   4.6   0.0   0.6   4.6  18.4   05.01   ONO
 3  13.5  13.5   00.00  13.5   00.00   4.8   0.0   0.0   2.5   3.6   00.00     O
 4  14.9  17.6   22.10  13.5   00.00   3.4   0.0   3.1   4.1  23.4   21.51   SSE
 5  15.9  17.2   00.00  13.6   07.50   2.4   0.0   0.1   5.6  12.2   01.55   ENE
 6  15.1  15.1   00.00  15.1   00.00   3.2   0.0   0.1   8.0  29.5   15.48    SE
 7  15.1  15.1   00.00  15.1   00.00   3.2   0.0   0.0   9.7  13.3   00.00    SE
 8  15.1  15.1   00.00  15.1   00.00   3.2   0.0   0.0   9.7  13.3   00.00    SE
 9  15.1  15.1   00.00  15.1   00.00   3.2   0.0   0.0   9.7  13.3   00.00    SE
10  15.1  15.1   00.00  15.1   00.00   3.2   0.0   0.0   9.7  13.3   00.00    SE
11  15.1  15.1   00.00  15.1   00.00   3.2   0.0   0.0   9.7  13.3   00.00    SE
12  15.1  15.1   00.00  15.1   00.00   3.2   0.0   0.0   9.7  13.3   00.00    SE
13  15.1  15.1   00.00  15.1   00.00   3.2   0.0   0.0   9.7  13.3   00.00    SE
14  15.1  15.1   00.00  15.1   00.00   3.2   0.0   0.0   9.7  13.3   00.00    SE
15  15.1  15.1   00.00  15.1   00.00   3.2   0.0   0.0   9.7  13.3   00.00    SE
16  15.1  15.1   00.00  15.1   00.00   3.2   0.0   0.0   9.7  13.3   00.00    SE
17  15.1  15.1   00.00  15.1   00.00   3.2   0.0   0.0   9.7  13.3   00.00    SE
18  15.1  15.1   00.00  15.1   00.00   3.2   0.0   0.0   9.7  13.3   00.00    SE
19  15.1  15.1   00.00  15.1   00.00   3.2   0.0   0.0   9.7  13.3   00.00    SE
20  15.1  15.1   00.00  15.1   00.00   3.2   0.0   0.0   9.7  13.3   00.00    SE
21  15.1  15.1   00.00  15.1   00.00   3.2   0.0   0.0   9.7  13.3   00.00    SE
22  15.1  15.1   00.00  15.1   00.00   3.2   0.0   0.0   9.7  13.3   00.00    SE
23  15.1  15.1   00.00  15.1   00.00   3.2   0.0   0.0   9.7  13.3   00.00    SE
24  15.1  15.1   00.00  15.1   00.00   3.2   0.0   0.0   9.7  13.3   00.00    SE
25  15.1  15.1   00.00  15.1   00.00   3.2   0.0   0.0   9.7  13.3   00.00    SE
26  15.1  15.1   00.00  15.1   00.00   3.2   0.0   0.0   9.7  13.3   00.00    SE
27  15.1  15.1   00.00  15.1   00.00   3.2   0.0   0.0   9.7  13.3   00.00    SE
28  15.1  15.1   00.00  15.1   00.00   3.2   0.0   0.0   9.7  13.3   00.00    SE
----------------------------------------------------------------------------------
    15.1  19.8     1    13.5     2    89.4   1.0   3.9   8.7  29.5     6      SE

Max >=  30.0:  0
Max <=  20.0: 28
Min <=   0.0:  0
Min <=  -5.0:  0
Max Rain: 3.1 on day 4
Days of Rain: 1 (>= 1.0 mm)  0 (>= 5.0 mm)  0 (>= 20.0 mm)
Heat Base: 18.3  Cool Base: 18.3  Method: Integration