Selezionare il report desiderato (mese/anno)

Report relativo al mese/anno: Dic 2018
                   Monthly Climatological Summary for dic 2018

Name: MeteoBellaria   City: Bellaria I.M. (RN)   State: Italy
Elevation: 4 m  Lat: N 44 08' 38"   Lon: E 012 27' 55"

                  Temperature (C), Rain (mm), Wind Speed (km/h)

                                      Heat  Cool        Avg
    Mean                              Deg   Deg         Wind                 Dom
Day Temp  High   Time   Low    Time   Days  Days  Rain  Speed High   Time    Dir
----------------------------------------------------------------------------------
 1   0.0   0.0   00.00   0.0   00.00  18.3   0.0   0.0   0.0   0.0   00.00   ---
 2   0.0   0.0   00.00   0.0   00.00  18.3   0.0   0.0   0.0   0.0   00.00   ---
 3   0.0   0.0   00.00   0.0   00.00  18.3   0.0   0.0   0.0   0.0   00.00   ---
 4   0.0   0.0   00.02   0.0   00.02  18.3   0.0   0.0   0.0   0.0   00.02   ---
 5   0.0   0.0   00.03   0.0   00.03  18.3   0.0   0.0   0.0   0.0   00.03   ---
 6   0.0   0.0   00.00   0.0   00.00  18.3   0.0   0.0   0.0   0.0   00.00   ---
 7   0.0   0.0   00.00   0.0   00.00  18.3   0.0   0.0   0.0   0.0   00.00   ---
 8   9.1  19.8   13.32   0.0   00.01  14.3   0.0   0.0   2.5  95.8   13.54    SO
 9  10.3  18.6   12.59   5.4   00.00   8.1   0.0   0.0  10.7  54.0   12.57     O
10  10.5  14.7   13.38   6.5   06.29   7.8   0.0   0.0  14.5  45.4   09.31    NO
11   6.0  11.6   14.57   2.7   22.08  12.3   0.0   0.0   9.2  31.7   09.19   ONO
12   3.7   9.3   14.45  -1.0   03.10  14.6   0.0   0.0   5.4  17.3   11.30     O
13   3.9   5.2   17.23   0.6   03.48  14.4   0.0   0.0  15.2  54.0   12.22   ONO
14   3.5   5.1   18.09   2.4   07.30  14.8   0.0   0.0  18.7  40.3   20.36   ONO
15   2.7   5.6   14.46 -11.5   06.43  15.6   0.0   0.0  16.1  37.8   07.13   ONO
16   2.4   7.9   14.46 -12.9   11.20  15.9   0.0   0.0   6.4  25.6   19.57     O
17   2.0   3.9   21.37   0.9   05.26  16.3   0.0   0.0  14.2  39.2   12.19   ONO
18   3.5   7.3   15.03   0.0   21.25  14.8   0.0   0.0   9.5  31.7   01.37   ONO
19   0.7   4.7   14.05  -2.8   08.05  17.6   0.0   0.0   4.8  23.4   00.46   ONO
20   3.4   5.1   15.20   1.6   02.14  14.9   0.0   0.0   8.7  36.7   05.51   ONO
21   4.0   5.1   16.07   2.4   07.46  14.3   0.0   0.0   2.3  15.8   19.26   ONO
22   4.8   7.5   13.49   2.5   23.26  13.5   0.0   0.0   1.6  14.8   10.18   ONO
23   4.0   5.2   15.26   1.3   04.05  14.3   0.0   0.0   2.9  14.8   10.35     O
24   5.0   6.2   16.46   4.7   00.00  13.3   0.0   0.0   5.0  19.4   17.15     O
25   5.9   8.6   13.43   2.6   19.55  12.4   0.0   0.0   3.5  17.3   22.42   ONO
26   2.7   4.5   00.00   1.0   08.12  15.6   0.0   0.0   6.2  19.4   02.59   ONO
27   1.3   2.2   16.56   0.2   09.48  17.0   0.0   0.0   5.3  15.8   08.02   ONO
28   3.4   8.4   15.26  -0.9   06.08  14.9   0.0   0.0   1.2  12.2   00.00    NO
29   4.7  10.1   14.31   0.5   23.13  13.6   0.0   0.0   0.4  12.2   10.34     N
30   3.7  10.1   11.30   0.5   02.10  14.6   0.0   0.0   5.7  25.6   11.20    NO
31   5.1  10.8   11.33   1.9   04.59  13.2   0.0   0.0   2.3  12.2   03.52   ONO
----------------------------------------------------------------------------------
     3.4  19.8     8   -12.9    16   466.2   0.0   0.0   5.6  95.8     8     ONO

Max >=  30.0:  0
Max <=  20.0: 31
Min <=   0.0: 14
Min <=  -5.0:  2
Max Rain: 0.0 on day 0
Days of Rain: 0 (>= 1.0 mm)  0 (>= 5.0 mm)  0 (>= 20.0 mm)
Heat Base: 18.3  Cool Base: 18.3  Method: Integration