Selezionare il report desiderato (mese/anno)

Report relativo al mese/anno: 2019
                   Annual Climatological Summary for 2019

Name: MeteoBellaria   City: Bellaria I.M. (RN)   State: Italy
Elevation: 4 m  Lat: N 44 08' 38"   Lon: E 012 27' 55"

                  Temperature (C), Heat Base: 18.3  Cool Base: 18.3
                          Dep.  Heat  Cool                       Max  Max  Min  Min
        Mean  Mean        From  Deg   Deg                        >=   <=   <=   <=
 YR MO  Max   Min   Mean  Norm  Days  Days  Hi  Date  Low  Date 30.0 20.0  0.0  -5.0
------------------------------------------------------------------------------------
 19  1   8.3   0.5   4.3   0.0   432     0  15.9  16  -9.2    6    0   31   12    1
 19  2  12.5   3.2   7.8   0.0   295     0  16.5   1  -0.9   20    0   28    1    0
 19  3  17.1   5.2  12.0   0.0   197     1  52.2   8 -32.8    9    1   28    1    1
 19  4  18.4   9.7  14.0   0.0   130     2  40.5   7   6.2    1    1   25    0    0
 19  5  21.5  12.3  16.3   0.0    82    21  41.0  16   5.0    6    3   17    0    0
 19  6  28.3  18.5  24.2   0.0     2   176  44.3   3 -27.4   23    6    0    1    1
 19  7  29.7  21.2  26.0   0.0     0   239  48.4  21  16.2   17   11    0    0    0
 19  8  29.4  23.4  26.8   0.0     0   264  31.8  12  17.1   17    7    0    0    0
 19  9  25.7  14.7  20.9   0.0    16    95  42.4  15 -35.6    7    1    1    1    1
 19 10  20.9  13.7  17.3   0.0    61    28  26.3   2   9.6    4    0    9    0    0
 19 11  15.8   9.0  12.6   0.0   123     2  23.1   3   1.0   12    0   18    0    0
 19 12
------------------------------------------------------------------------------------
        20.7  11.9  16.6   0.0  1342   833  52.2 mar -35.6  set   30  157   16    4

                                Precipitation (mm)

              Dep.   Max        Days of Rain
              From   Obs.           >=
 YR MO Total  Norm   Day Date  1.0  5.0 20.0
---------------------------------------------
 19  1   0.0   0.0   0.0   0     0    0    0
 19  2   0.0   0.0   0.0   0     0    0    0
 19  3   0.0   0.0   0.0   0     0    0    0
 19  4   0.0   0.0   0.0   0     0    0    0
 19  5   0.0   0.0   0.0   0     0    0    0
 19  6   0.0   0.0   0.0   0     0    0    0
 19  7   4.5   0.0   1.5  28     3    0    0
 19  8   1.0   0.0   1.0  31     1    0    0
 19  9  33.1   0.0   8.9   1     7    3    0
 19 10  22.7   0.0  14.5   3     5    1    0
 19 11  77.9   0.0  20.6  16     9    5    1
 19 12
---------------------------------------------
       139.2   0.0  20.6  nov   25    9    1

                                Wind Speed (km/h)
                          Dom
 YR MO   Avg.  Hi   Date  Dir
------------------------------
 19  1   8.1  51.5   27   ONO
 19  2   6.2 165.0   14     O
 19  3   5.2 193.0    9   NNO
 19  4   5.0 197.0   24     E
 19  5   6.6 162.0   28   ENE
 19  6   8.1 183.0    3   ENE
 19  7   3.9 158.0   18   ESE
 19  8   5.1  51.5   16   NNE
 19  9   8.4  55.1   15    NO
 19 10   7.1 127.0    2    SO
 19 11   8.1  61.2   15   OSO
 19 12
------------------------------
         6.5 197.0  apr    NO