Selezionare il report desiderato (mese/anno)

Report relativo al mese/anno: Mar 2019
                   Monthly Climatological Summary for mar 2019

Name: MeteoBellaria   City: Bellaria I.M. (RN)   State: Italy
Elevation: 4 m  Lat: N 44 08' 38"   Lon: E 012 27' 55"

                  Temperature (C), Rain (mm), Wind Speed (km/h)

                                      Heat  Cool        Avg
    Mean                              Deg   Deg         Wind                 Dom
Day Temp  High   Time   Low    Time   Days  Days  Rain  Speed High   Time    Dir
----------------------------------------------------------------------------------
 1   9.5  12.2   10.06   4.7   06.10   8.8   0.0   0.0   3.1  20.9   13.56     N
 2  10.3  14.9   10.27   2.6   10.49   8.0   0.0   0.0   4.9  22.0   17.43    SE
 3   9.6  13.3   14.38   4.1   07.23   8.7   0.0   0.0   4.0  17.3   12.21   NNE
 4  13.7  19.9   15.51   6.3   06.20   4.7   0.1   0.0   7.7  55.1   15.57    SO
 5  13.0  17.8   11.54   9.3   23.57   5.3   0.0   0.0   6.3  35.6   11.32    NO
 6  11.4  16.0   11.25   7.1   05.21   6.9   0.0   0.0   3.2  27.0   16.44   ENE
 7  16.6  23.1   12.28   9.8   00.58   2.4   0.7   0.0  10.0  51.5   07.55    SO
 8  16.7  52.2   12.51  12.4   08.06   2.1   0.5   0.0   5.2  41.8   15.22   OSO
 9  14.3  17.8   11.25 -32.8   11.27   4.0   0.0   0.0   7.3 193.0   11.27   ONO
10  15.2  18.7   17.48   9.4   03.19   3.1   0.0   0.0  15.8  39.2   10.37   OSO
11  13.7  17.2   00.00   9.0   23.58   4.6   0.0   0.0  10.9  78.5   15.21    NO
12   9.3  14.1   14.06   4.4   05.47   9.0   0.0   0.0   4.9  45.4   09.58    NO
13   9.0  13.0   09.18   3.1   04.57   9.3   0.0   0.0   4.4  25.6   18.51   NNO
14  10.4  12.8   23.07   4.2   06.24   7.9   0.0   0.0   5.0  17.3   14.41   NNO
15  11.8  15.3   10.53   6.5   06.29   6.5   0.0   0.0   3.2  22.0   15.14   ESE
16  14.2  18.5   17.16   9.8   00.00   4.1   0.0   0.0   3.9  22.0   19.20    NE
17  14.0  15.3   09.29   9.0   07.11   4.3   0.0   0.0   4.2  15.8   11.26   ENE
18  11.3  15.9   09.01   7.8   20.41   7.0   0.0   0.0   7.3  39.2   10.05   NNO
19   8.7  10.9   16.56   6.3   22.56   9.6   0.0   0.0   4.8  19.4   15.44   NNO
20   9.9  12.6   14.18   6.0   23.16   8.4   0.0   0.0   5.9  41.8   09.09   NNE
21   9.2  14.9   15.02   4.6   06.09   9.1   0.0   0.0   2.9  24.5   00.58   ONO
22  10.4  15.3   11.59   4.7   05.39   7.9   0.0   0.0   2.0  15.8   13.05    NO
23  12.2  18.4   16.22   6.3   02.07   6.1   0.0   0.0   3.8  31.7   08.55   ONO
24  13.9  21.3   12.24   6.6   06.12   4.7   0.3   0.0   3.7  25.6   10.50   ONO
25  14.6  19.6   12.53   8.7   04.38   3.7   0.1   0.0   4.6  90.7   23.42     E
26  10.9  13.2   15.20   6.6   02.55   7.4   0.0   0.0  13.7  86.8   01.38    NE
27  11.3  13.6   13.38   5.4   06.34   7.0   0.0   0.0   3.1  33.1   23.02   ENE
28  11.2  13.4   17.17   6.4   23.34   7.1   0.0   0.0   1.9  34.2   03.11   NNE
29  10.3  15.6   17.18   1.2   21.55   8.0   0.0   0.0   1.6  18.4   05.54    NO
30  11.5  16.9   11.49   5.1   06.12   6.8   0.0   0.0   0.8  13.3   14.23   NNE
31  13.0  17.7   13.30   5.6   07.17   5.1   0.0   0.0   0.9  12.2   12.50    NE
----------------------------------------------------------------------------------
    12.0  52.2     8   -32.8     9   197.6   1.7   0.0   5.2 193.0     9      NO

Max >=  30.0:  1
Max <=  20.0: 28
Min <=   0.0:  1
Min <=  -5.0:  1
Max Rain: 0.0 on day 0
Days of Rain: 0 (>= 1.0 mm)  0 (>= 5.0 mm)  0 (>= 20.0 mm)
Heat Base: 18.3  Cool Base: 18.3  Method: Integration