Selezionare il report desiderato (mese/anno)

Report relativo al mese/anno: Apr 2019
                   Monthly Climatological Summary for apr 2019

Name: MeteoBellaria   City: Bellaria I.M. (RN)   State: Italy
Elevation: 4 m  Lat: N 44 08' 38"   Lon: E 012 27' 55"

                  Temperature (C), Rain (mm), Wind Speed (km/h)

                                      Heat  Cool        Avg
    Mean                              Deg   Deg         Wind                 Dom
Day Temp  High   Time   Low    Time   Days  Days  Rain  Speed High   Time    Dir
----------------------------------------------------------------------------------
 1  13.4  19.1   17.34   6.2   07.28   4.9   0.0   0.0   1.2  15.8   15.41   NNO
 2  13.4  18.4   12.06   8.2   07.11   4.9   0.0   0.0   1.1  15.8   16.49     E
 3  15.2  19.4   13.21  12.2   07.42   3.1   0.0   0.0   5.6  39.2   15.38     S
 4  14.0  16.7   09.32  11.5   21.31   4.4   0.0   0.0   5.9  40.3   13.12    SE
 5  11.5  14.1   14.51   8.5   07.11   6.8   0.0   0.0   4.5  17.3   15.20     N
 6  12.2  14.6   12.54   7.0   07.14   6.1   0.0   0.0   2.1  19.4   07.50     E
 7  13.1  40.5   16.14   9.5   04.41   5.6   0.4   0.0   4.5  89.3   16.14   ENE
 8  12.9  16.0   14.19   9.6   05.30   5.4   0.0   0.0   4.2  28.1   10.51    NO
 9  13.8  18.6   13.23   9.9   02.36   4.5   0.0   0.0   2.5 159.0   08.54    NO
10  13.7  16.7   16.41   8.8   06.37   4.6   0.0   0.0   4.9  31.7   17.12   ESE
11  13.4  16.4   14.43  10.4   07.49   4.9   0.0   0.0   3.9 162.0   16.55   ENE
12  12.9  14.5   13.53   9.9   23.11   5.4   0.0   0.0   7.4  28.1   06.12     E
13  11.9  14.4   15.42   8.4   23.31   6.4   0.0   0.0   5.5  40.3   05.11    NE
14   8.8   9.8   11.04   6.6   03.51   9.5   0.0   0.0   0.1   8.6   10.21   OSO
15  13.5  16.2   18.48   8.8   07.10   4.8   0.0   0.0   6.6  33.1   00.31   NNO
16  15.0  16.6   13.34   6.2   07.12   3.3   0.0   0.0   2.8  18.4   14.54   ENE
17  14.4  19.6   15.37   6.5   06.54   4.2   0.3   0.0   1.2  14.8   12.47   ENE
18  13.5  17.6   13.46   7.3   06.33   4.8   0.0   0.0   3.0  18.4   13.15    NE
19  14.4  18.4   15.24   7.3   06.26   3.9   0.0   0.0   2.8  19.4   08.52     N
20  13.7  19.5   18.10   6.9   06.24   4.7   0.1   0.0   1.2  14.8   09.50   NNO
21  13.9  18.2   11.49   8.8   05.52   4.4   0.0   0.0   5.0  28.1   16.16   ESE
22  15.4  16.3   12.32  12.8   07.02   2.9   0.0   0.0  13.1  37.8   11.31    SE
23  15.2  18.1   23.06  14.2   04.43   3.1   0.0   0.0  13.0  31.7   11.28    SE
24  18.0  23.4   12.24  15.0   23.16   1.0   0.7   0.0   8.7 197.0   22.56   SSE
25  16.0  20.8   10.46  12.5   06.28   2.6   0.3   0.0   3.0  22.0   14.13     E
26  16.4  22.1   16.47  14.6   07.56   2.1   0.2   0.0   7.0  51.5   16.51     O
27  16.7  21.9   15.09  10.6   05.09   2.2   0.7   0.0   6.3 160.0   01.07    NO
28  16.0  18.6   10.29  12.1   06.26   2.3   0.0   0.0   9.0  29.5   11.41   ONO
29  14.0  17.2   00.00   9.9   08.52   4.3   0.0   0.0  11.8  30.6   14.58    NO
30  14.7  18.2   13.48  10.3   03.54   3.6   0.0   0.0   2.7  23.4   11.57    NO
----------------------------------------------------------------------------------
    14.0  40.5     7     6.2     1   130.7   2.7   0.0   5.0 197.0    24     ENE

Max >=  30.0:  1
Max <=  20.0: 25
Min <=   0.0:  0
Min <=  -5.0:  0
Max Rain: 0.0 on day 0
Days of Rain: 0 (>= 1.0 mm)  0 (>= 5.0 mm)  0 (>= 20.0 mm)
Heat Base: 18.3  Cool Base: 18.3  Method: Integration