Selezionare il report desiderato (mese/anno)

Report relativo al mese/anno: Giu 2019
                   Monthly Climatological Summary for giu 2019

Name: MeteoBellaria   City: Bellaria I.M. (RN)   State: Italy
Elevation: 4 m  Lat: N 44 08' 38"   Lon: E 012 27' 55"

                  Temperature (C), Rain (mm), Wind Speed (km/h)

                                      Heat  Cool        Avg
    Mean                              Deg   Deg         Wind                 Dom
Day Temp  High   Time   Low    Time   Days  Days  Rain  Speed High   Time    Dir
----------------------------------------------------------------------------------
 1  20.4  27.9   17.51  12.8   03.39   1.4   3.6   0.0   3.2  24.5   08.51   NNO
 2  23.1  29.1   17.00  17.8   02.29   0.0   4.8   0.0   5.8  22.0   09.30   NNO
 3  23.0  44.3   12.07  17.0   05.18   0.1   4.8   0.0   6.9 183.0   12.07   ESE
 4  23.0  26.4   16.36  18.0   05.24   0.0   4.7   0.0   6.6  92.9   19.14   ESE
 5  23.8  25.1   15.38  23.3   20.47   0.0   5.5   0.0   8.1  27.0   15.40   SSE
 6  23.6  28.1   13.21  20.8   23.50   0.0   5.3   0.0  14.4  25.6   16.36    SE
 7  21.5  24.4   11.30  15.4   05.40   0.2   3.4   0.0   9.3 159.0   07.13   ESE
 8  22.5  24.2   11.22  18.8   07.13   0.0   4.2   0.0   4.5  23.4   15.22     E
 9  23.9  25.9   13.04  21.0   08.45   0.0   5.6   0.0   7.4  19.4   11.14     E
10  25.3  28.0   23.47  21.8   08.40   0.0   7.0   0.0  13.3  34.2   16.27   ESE
11  26.3  29.0   01.22  23.2   07.10   0.0   8.0   0.0   8.0  60.1   09.37    NE
12  27.0  29.0   10.45  23.2   05.49   0.0   8.7   0.0   6.6  19.4   04.59   ENE
13  22.0  28.7   00.00  21.5   04.00   0.0   3.7   0.0  11.5  17.3   04.00    NO
14  21.5  21.5   00.00  21.5   00.00   0.0   3.2   0.0  12.2  17.3   00.00    NO
15  21.5  21.5   00.00  21.5   00.00   0.0   3.2   0.0  12.2  17.3   00.00    NO
16  21.5  21.5   00.00  21.5   00.00   0.0   3.2   0.0  12.2  17.3   00.00    NO
17  21.6  23.5   22.29  21.5   00.00   0.4   3.2   0.0  11.2  19.4   23.03    NO
18  24.2  28.4   14.22  18.7   05.16   0.0   6.0   0.0   5.7  20.9   10.18   ONO
19  25.0  28.2   13.41  20.1   05.29   0.0   6.7   0.0   8.6  29.5   18.50    SE
20  25.8  29.5   13.20  19.6   05.40   0.0   7.5   0.0   8.5  30.6   17.11    SE
21  25.6  29.3   13.25  20.2   05.22   0.0   7.3   0.0   8.1  27.0   15.38   ESE
22  22.5  28.5   12.34  18.7   23.14   0.0   4.2   0.0   7.3  37.8   18.54     S
23  22.8  28.2   13.51 -27.4   22.58   0.2   4.7   0.0   4.3  37.8   15.41    NO
24  25.3  29.4   17.17  19.3   05.45   0.0   7.0   0.0   3.5  18.4   10.42    NE
25  26.0  31.8   18.43  20.1   04.42   0.0   7.7   0.0   5.8  22.0   08.06     N
26  26.8  30.8   16.53  20.6   04.58   0.0   8.5   0.0   6.8  22.0   08.10     N
27  28.3  34.3   13.41  21.4   05.30   0.1   8.9   0.0   6.3  18.4   10.52   SSO
28  28.4  31.2   13.20  24.2   06.12   0.0  10.1   0.0  11.0  33.1   15.48    SE
29  27.4  29.4   18.36  21.3   23.57   0.0   9.1   0.0   8.8  29.5   12.29    SE
30  25.1  30.4   12.06  18.0   05.47   0.0   6.8   0.0   5.7  19.4   14.37   ENE
----------------------------------------------------------------------------------
    24.2  44.3     3   -27.4    23     2.4 176.6   0.0   8.1 183.0     3     ENE

Max >=  30.0:  6
Max <=  20.0:  0
Min <=   0.0:  1
Min <=  -5.0:  1
Max Rain: 0.0 on day 0
Days of Rain: 0 (>= 1.0 mm)  0 (>= 5.0 mm)  0 (>= 20.0 mm)
Heat Base: 18.3  Cool Base: 18.3  Method: Integration