Selezionare il report desiderato (mese/anno)

Report relativo al mese/anno: Lug 2019
                   Monthly Climatological Summary for lug 2019

Name: MeteoBellaria   City: Bellaria I.M. (RN)   State: Italy
Elevation: 4 m  Lat: N 44 08' 38"   Lon: E 012 27' 55"

                  Temperature (C), Rain (mm), Wind Speed (km/h)

                                      Heat  Cool        Avg
    Mean                              Deg   Deg         Wind                 Dom
Day Temp  High   Time   Low    Time   Days  Days  Rain  Speed High   Time    Dir
----------------------------------------------------------------------------------
 1  25.7  29.4   14.04  18.3   06.06   0.0   7.4   0.0   7.7  24.5   16.37    SE
 2  27.4  30.7   15.53  21.8   06.06   0.0   9.1   0.0   7.9  20.9   01.27   ESE
 3  27.2  30.3   13.02  22.4   23.59   0.0   8.9   0.0   8.4  51.5   22.00   ENE
 4  25.1  29.3   18.02  20.4   04.17   0.0   6.8   0.0   4.5  24.5   00.04   NNO
 5  26.5  30.3   15.27  21.2   05.05   0.0   8.2   0.0   5.0  25.6   17.44   ESE
 6  28.0  31.7   09.39  22.1   06.16   0.0   9.7   0.0   4.4  30.6   17.30    SE
 7  28.5  33.3   17.16  24.4   03.14   0.0  10.2   0.0   6.0  49.0   17.40   ONO
 8  26.6  29.3   15.07  22.3   06.06   0.0   8.3   0.0   4.9  23.4   17.57     E
 9  25.3  30.3   12.10  20.6   17.42   0.0   7.0   0.0   2.7  52.6   16.35   ONO
10  23.3  25.8   00.47  19.0   23.58   0.0   5.0   0.0   6.6  46.4   06.36     E
11  22.8  26.3   16.43  16.5   05.53   0.3   4.8   0.0   4.4  23.4   18.18    SE
12  24.2  26.6   14.59  19.5   05.53   0.0   5.9   0.0   5.2  25.6   20.26    SE
13  24.0  27.3   12.52  20.2   06.31   0.0   5.7   0.0   6.6  63.7   07.46   NNE
14  23.4  26.8   17.08  17.7   05.42   0.0   5.2   0.0   7.2  33.1   16.07    SE
15  21.7  23.8   00.22  19.4   23.43   0.0   3.4   0.0   3.6  28.1   12.57   OSO
16  22.5  28.3   19.44  17.2   06.06   0.1   4.3   0.0   5.5  25.6   07.52    NO
17  23.6  28.8   14.36  16.2   04.56   0.3   5.6   0.0   4.3  29.5   19.31    SE
18  23.8  28.0   15.17  18.1   05.39   0.0   5.5   0.0   1.7 158.0   17.55   ENE
19  24.2  27.9   15.55  18.7   04.51   0.0   5.9   0.0   3.5  78.5   04.16    SE
20  25.5  29.1   11.47  20.4   05.44   0.0   7.2   0.0   4.1  27.0   18.39    SE
21  26.5  48.4   01.51  21.0   04.10   0.0   8.2   0.0   3.8  20.9   17.29   ESE
22  26.3  30.5   13.35  21.3   06.47   0.0   8.0   0.0   5.2  17.3   08.47   NNO
23  27.8  30.3   14.39  21.7   06.14   0.0   9.5   0.0   3.3  15.8   14.15   ESE
24  27.2  30.5   14.26  21.4   05.38   0.0   8.9   0.0   4.5  20.9   18.58   ESE
25  28.9  28.9   00.00  28.9   00.00   0.0  10.6   0.0   0.0   0.0   00.00   ---
26  28.9  28.9   00.00  28.9   00.00   0.0  10.6   0.0   0.0   0.0   00.00   ---
27  28.9  28.9   00.00  28.9   00.00   0.0  10.6   0.0   0.0   0.0   00.00   ---
28  28.3  28.9   00.00  18.0   20.12   0.0   9.3   1.5   0.7  19.4   20.17    NO
29  26.3  29.8   16.08  16.3   17.36   0.0   8.0   1.5   0.0   0.0   00.00   ---
30  28.5  31.3   12.04  23.2   06.25   0.0  10.2   1.5   0.0  11.2   01.33    SE
31  29.9  29.9   00.00  29.9   00.00   0.0  11.6   0.0   0.0   0.0   00.00   ---
----------------------------------------------------------------------------------
    26.0  48.4    21    16.2    17     0.7 239.6   4.5   3.9 158.0    18       E

Max >=  30.0: 11
Max <=  20.0:  0
Min <=   0.0:  0
Min <=  -5.0:  0
Max Rain: 1.5 on day 28
Days of Rain: 3 (>= 1.0 mm)  0 (>= 5.0 mm)  0 (>= 20.0 mm)
Heat Base: 18.3  Cool Base: 18.3  Method: Integration