Selezionare il report desiderato (mese/anno)

Report relativo al mese/anno: Ago 2019
                   Monthly Climatological Summary for ago 2019

Name: MeteoBellaria   City: Bellaria I.M. (RN)   State: Italy
Elevation: 4 m  Lat: N 44 08' 38"   Lon: E 012 27' 55"

                  Temperature (C), Rain (mm), Wind Speed (km/h)

                                      Heat  Cool        Avg
    Mean                              Deg   Deg         Wind                 Dom
Day Temp  High   Time   Low    Time   Days  Days  Rain  Speed High   Time    Dir
----------------------------------------------------------------------------------
 1  29.9  29.9   00.00  29.9   00.00   0.0  11.6   0.0   0.0   0.0   00.00   ---
 2  28.3  30.9   17.02  23.4   06.57   0.0  10.0   0.0   0.0   0.0   00.00   ---
 3  29.9  29.9   00.00  29.9   00.00   0.0  11.6   0.0   0.0   0.0   00.00   ---
 4  29.9  29.9   00.00  29.9   00.00   0.0  11.6   0.0   0.0   0.0   00.00   ---
 5  29.9  29.9   00.00  29.9   00.00   0.0  11.6   0.0   0.0   0.0   00.00   ---
 6  29.9  29.9   00.00  29.9   00.00   0.0  11.6   0.0   0.0   0.0   00.00   ---
 7  29.9  29.9   00.00  29.9   00.00   0.0  11.6   0.0   0.0   0.0   00.00   ---
 8  29.9  29.9   00.00  29.9   00.00   0.0  11.6   0.0   0.0   0.0   00.00   ---
 9  29.9  29.9   00.00  29.9   00.00   0.0  11.6   0.0   0.0   0.0   00.00   ---
10  28.8  30.7   14.54  18.0   10.30   0.0  10.5   0.0   4.7  23.4   17.29     E
11  27.3  30.4   15.32  22.2   06.59   0.0   9.0   0.0   5.5  22.0   15.36     E
12  27.9  31.8   15.12  23.1   06.50   0.0   9.6   0.0   3.7  24.5   22.19    NE
13  27.3  30.0   16.44  24.0   07.15   0.0   9.0   0.0   9.4  27.0   08.06   NNO
14  24.5  26.9   16.29  21.9   23.57   0.0   6.2   0.0   7.3  29.5   13.49    NE
15  23.4  27.3   15.31  18.0   05.33   0.0   5.1   0.0   6.9  25.6   17.56   ESE
16  24.0  27.5   17.06  20.5   23.42   0.0   5.7   0.0   8.5  51.5   04.13     N
17  23.4  28.1   14.17  17.1   06.41   0.1   5.2   0.0   7.8  28.1   18.55    SE
18  25.0  29.0   14.37  19.3   06.40   0.0   6.7   0.0   7.2  25.6   17.51   ESE
19  25.8  29.0   13.16  20.7   06.56   0.0   7.5   0.0   7.2  23.4   17.48     E
20  26.3  30.0   12.37  20.4   06.43   0.0   8.0   0.0   6.9  19.4   18.22   ESE
21  26.6  30.0   15.54  22.0   06.47   0.0   8.3   0.0   9.5  31.7   08.40   NNE
22  25.6  28.9   15.28  22.5   20.41   0.0   7.3   0.0   7.4  23.4   17.14   NNE
23  23.9  27.4   15.19  21.6   06.15   0.0   5.6   0.0   5.4  29.5   10.41    NO
24  25.3  28.9   13.27  22.5   06.38   0.0   7.0   0.0   9.8  28.1   12.41    NO
25  25.6  28.6   16.57  23.0   06.40   0.0   7.3   0.0  10.0  24.5   05.09   NNO
26  25.5  28.9   15.24  20.9   06.06   0.0   7.2   0.0   8.0  24.5   08.49     N
27  25.7  28.8   12.57  20.9   06.17   0.0   7.4   0.0   6.6  23.4   09.28   NNE
28  25.5  29.8   14.57  20.8   06.12   0.0   7.2   0.0   6.0  19.4   14.57    NE
29  25.6  29.7   15.13  20.9   06.57   0.0   7.3   0.0   6.7  25.6   09.07    NO
30  25.9  29.7   12.35  21.0   06.26   0.0   7.6   0.0   7.3  20.9   10.30     N
31  25.7  29.7   16.03  21.4   05.58   0.0   7.4   1.0   7.3  23.4   09.24   NNO
----------------------------------------------------------------------------------
    26.8  31.8    12    17.1    17     0.1 264.9   1.0   5.1  51.5    16     NNE

Max >=  30.0:  7
Max <=  20.0:  0
Min <=   0.0:  0
Min <=  -5.0:  0
Max Rain: 1.0 on day 31
Days of Rain: 1 (>= 1.0 mm)  0 (>= 5.0 mm)  0 (>= 20.0 mm)
Heat Base: 18.3  Cool Base: 18.3  Method: Integration