Selezionare il report desiderato (mese/anno)

Report relativo al mese/anno: Ott 2019
                   Monthly Climatological Summary for ott 2019

Name: MeteoBellaria   City: Bellaria I.M. (RN)   State: Italy
Elevation: 4 m  Lat: N 44 08' 38"   Lon: E 012 27' 55"

                  Temperature (C), Rain (mm), Wind Speed (km/h)

                                      Heat  Cool        Avg
    Mean                              Deg   Deg         Wind                 Dom
Day Temp  High   Time   Low    Time   Days  Days  Rain  Speed High   Time    Dir
----------------------------------------------------------------------------------
 1  21.0  24.8   14.32  16.0   07.44   0.2   2.9   0.0   7.5  29.5   17.35    SE
 2  21.1  26.3   12.11  19.2   20.16   0.0   2.8   0.2  10.9 127.0   05.13    SO
 3  16.1  19.2   00.00  12.5   23.53   2.2   0.0  14.5  17.8  89.3   06.41   NNE
 4  15.0  19.7   12.31   9.6   07.16   3.5   0.2   0.0   6.3  17.3   00.59   OSO
 5  17.2  21.1   15.07  13.3   04.09   1.8   0.7   0.0   5.3  20.9   13.19   ESE
 6  16.7  20.4   13.23  12.7   07.11   2.1   0.5   0.0  11.0  45.4   15.50   SSE
 7  18.0  20.8   15.45  14.4   23.57   1.1   0.7   0.0  10.3  36.7   09.55     E
 8  15.6  19.4   13.49  10.6   07.23   3.0   0.2   0.0   7.4  22.0   21.15   SSE
 9  17.0  22.6   18.20  10.6   06.52   2.7   1.4   0.0   6.3  23.4   14.34     S
10  18.0  20.6   14.53  15.3   07.53   1.0   0.7   0.0   6.8  22.0   08.54    NO
11  17.6  21.1   15.12  14.3   03.46   1.5   0.8   0.0   7.4  18.4   05.53    NO
12  17.1  20.6   15.16  12.6   06.34   1.9   0.6   0.5   3.9  17.3   13.43    NO
13  17.7  20.8   14.19  14.5   07.38   1.2   0.6   0.0   2.5  13.3   12.24    NE
14  17.5  20.6   13.50  14.0   08.06   1.6   0.7   0.0   5.4  22.0   19.01    SE
15  19.7  25.1   13.36  15.0   07.57   0.9   2.3   0.5   7.4  46.4   17.04   SSE
16  18.8  22.5   12.18  13.9   23.46   0.9   1.4   0.0   8.0  22.0   11.52   SSO
17  12.3  14.0   00.07  11.1   07.25   6.0   0.0   0.0   5.6  11.2   08.25   OSO
18  13.5  19.7   18.29  12.3   00.00   4.9   0.1   0.0   5.8   9.7   22.51   OSO
19  19.5  23.2   11.56  15.3   00.00   0.6   1.8   0.0   6.7  22.0   17.07   SSE
20  19.3  22.6   10.45  15.3   07.21   0.8   1.7   0.0   8.4  30.6   14.57    SE
21  21.3  25.5   11.34  17.6   23.31   0.0   3.0   0.0  10.3  28.1   15.26   SSE
22  18.7  21.8   15.53  15.8   23.57   0.5   0.9   1.1   4.2  15.8   12.37    NO
23  17.5  22.4   13.33  13.6   07.36   1.7   0.9   0.0   5.6  22.0   18.38    SE
24  17.1  19.8   16.31  12.4   04.13   1.7   0.5   0.0   5.4  19.4   15.03    SE
25  18.0  20.4   15.00  15.9   23.53   0.9   0.5   0.0   7.8  27.0   14.31    NO
26  17.3  22.5   14.12  13.7   08.20   2.0   1.1   1.1   6.8  24.5   11.11   ONO
27  16.7  20.9   10.43  13.2   08.32   2.4   0.7   0.0   4.2  15.8   14.24    SE
28  15.5  18.7   14.52  10.7   06.22   2.8   0.0   0.0   3.6  14.8   11.35    NO
29  17.0  20.5   13.17  13.9   06.18   1.6   0.4   0.2   3.9  14.8   15.38   NNO
30  15.1  17.4   01.36  13.4   18.08   3.2   0.0   2.3   7.7  20.9   16.21    NO
31  11.9  13.6   00.00  11.1   16.56   6.4   0.0   2.3  11.2  24.5   09.15   ONO
----------------------------------------------------------------------------------
    17.3  26.3     2     9.6     4    61.1  28.1  22.7   7.1 127.0     2     SSO

Max >=  30.0:  0
Max <=  20.0:  9
Min <=   0.0:  0
Min <=  -5.0:  0
Max Rain: 14.5 on day 3
Days of Rain: 5 (>= 1.0 mm)  1 (>= 5.0 mm)  0 (>= 20.0 mm)
Heat Base: 18.3  Cool Base: 18.3  Method: Integration