Selezionare il report desiderato (mese/anno)

Report relativo al mese/anno: Nov 2019
                   Monthly Climatological Summary for nov 2019

Name: MeteoBellaria   City: Bellaria I.M. (RN)   State: Italy
Elevation: 4 m  Lat: N 44 08' 38"   Lon: E 012 27' 55"

                  Temperature (C), Rain (mm), Wind Speed (km/h)

                                      Heat  Cool        Avg
    Mean                              Deg   Deg         Wind                 Dom
Day Temp  High   Time   Low    Time   Days  Days  Rain  Speed High   Time    Dir
----------------------------------------------------------------------------------
 1  11.2  12.2   16.38   9.7   09.29   7.1   0.0   0.5   8.2  28.1   11.17   ONO
 2  12.5  13.8   11.03  11.6   05.09   5.8   0.0   0.1   1.5  13.3   12.48    NO
 3  16.3  23.1   13.30  10.7   07.04   2.8   0.8   2.9  12.8  60.1   11.38     S
 4  17.2  21.7   14.42  11.4   07.03   2.0   0.8   0.0  11.2  52.6   10.40     O
 5  18.0  22.9   11.29  14.7   18.49   1.4   1.1   7.8  14.6  54.0   12.21   SSO
 6  13.7  17.2   09.55  10.6   23.30   4.6   0.0   4.6   6.3  51.5   10.16   SSO
 7  12.3  15.7   13.39   7.5   07.05   6.0   0.0   0.0   4.9  18.4   01.40   SSE
 8  14.0  16.7   11.16  11.4   00.09   4.3   0.0   2.5   9.3  35.6   12.22     S
 9  12.6  16.5   12.11   8.4   07.33   5.7   0.0   0.4   5.7  19.4   01.55    NO
10  11.2  14.9   15.40   8.4   07.17   7.1   0.0   0.0   7.8  25.6   01.20    NO
11  10.4  11.4   13.57   9.0   00.00   7.9   0.0   0.7   9.2  23.4   09.15   ONO
12  10.0  11.2   20.16   1.0   15.39   8.3   0.0  14.9  16.5  55.1   19.30    NO
13  11.1  14.9   14.24   8.4   23.33   7.2   0.0   0.5   6.7  30.6   09.36   ONO
14  11.0  15.7   15.10   7.1   05.38   7.3   0.0   0.0   6.2  30.6   09.29   ONO
15  13.7  16.6   09.21  10.1   20.26   4.6   0.0  13.0  11.7  61.2   10.10   SSE
16  11.5  13.9   05.22   6.2   07.35   6.8   0.0  20.6   7.1  33.1   19.23    NO
17  11.4  15.1   13.54   8.9   05.47   6.9   0.0   8.3   8.0  34.2   02.10   OSO
18  12.4  15.7   11.25   8.2   07.48   5.9   0.0   0.0   5.7  36.7   13.41   SSE
19  12.4  15.0   13.38   9.0   23.14   5.9   0.0   0.0   4.1  19.4   12.48   SSE
20  11.2  14.3   14.27   8.2   22.29   7.1   0.0   1.1  11.4  39.2   11.23   ONO
21  10.0  12.8   15.57   7.8   07.46   8.3   0.0   0.0   1.5  13.3   18.58   ONO
22   9.8  13.7   16.24   5.9   07.31   8.5   0.0   0.0   2.0  19.4   23.50    SE
23  14.3  17.9   21.33  12.2   01.04   4.0   0.0   0.0  10.9  42.8   20.34    SE
24  15.0  16.6   23.02  12.3   08.13   3.3   0.0   0.4   8.3  51.5   22.50     E
25  15.4  17.1   03.11  12.2   23.58   2.9   0.0   0.2   9.8  54.0   03.39     N
26  12.1  15.6   10.39   8.4   08.06   6.2   0.0   0.0   1.9  12.2   06.50    NO
27  12.8  17.4   16.11   7.9   06.14   5.5   0.0   0.0   8.4  37.8   16.08   SSE
28  11.9  17.2   13.35   8.7   21.56   6.4   0.0   0.0   3.6  25.6   23.12   ONO
29  11.6  18.5   12.06   7.9   08.57   6.7   0.0   0.0   7.6  47.9   12.45    NO
30   9.0  10.0   13.20   8.3   07.28   9.3   0.0   0.0   3.4  18.4   00.13     O
----------------------------------------------------------------------------------
    12.5  23.1     3     1.0    12   175.8   2.7  78.5   7.5  61.2    15     OSO

Max >=  30.0:  0
Max <=  20.0: 27
Min <=   0.0:  0
Min <=  -5.0:  0
Max Rain: 20.6 on day 16
Days of Rain: 9 (>= 1.0 mm)  5 (>= 5.0 mm)  1 (>= 20.0 mm)
Heat Base: 18.3  Cool Base: 18.3  Method: Integration