Selezionare il report desiderato (mese/anno)

Report relativo al mese/anno: Feb 2020
                   Monthly Climatological Summary for feb 2020

Name: MeteoBellaria   City: Bellaria I.M. (RN)   State: Italy
Elevation: 4 m  Lat: N 44 08' 38"   Lon: E 012 27' 55"

                  Temperature (C), Rain (mm), Wind Speed (km/h)

                                      Heat  Cool        Avg
    Mean                              Deg   Deg         Wind                 Dom
Day Temp  High   Time   Low    Time   Days  Days  Rain  Speed High   Time    Dir
----------------------------------------------------------------------------------
 1  10.7  15.5   18.06   9.5   02.20   7.6   0.0   0.0   1.8  31.7   18.30   NNO
 2   9.0  12.9   10.30   7.1   08.18   9.3   0.0   0.0   1.9  17.3   12.17   NNO
 3   7.6   8.9   13.37   6.5   08.12  10.7   0.0   0.0   0.8  13.3   15.11   ONO
 4  11.3  18.4   13.51   7.1   01.19   7.0   0.0   0.0  13.9  70.9   14.50    NO
 5   9.6  12.5   12.57   6.1   05.10   8.7   0.0   0.0  21.8  64.8   17.43   NNO
 6   9.2  11.9   13.39   2.6   23.58   9.1   0.0   0.0  13.5  55.1   01.26   NNE
 7   5.5  10.8   14.55  -0.1   06.48  12.8   0.0   0.0   4.3  15.8   13.55   SSE
 8   5.1  10.3   13.49   0.2   05.16  13.2   0.0   0.0   3.2  17.3   10.14   ONO
 9   6.3  10.4   14.51   1.1   06.29  12.0   0.0   0.0   2.4  14.8   13.04   ESE
10  15.4  19.4   15.15   8.2   00.00   3.0   0.1   0.0  15.9  66.2   11.54   ONO
11  16.8  20.0   13.36  13.4   23.41   1.7   0.2   0.0  17.3  61.2   02.40    NO
12  11.1  15.6   12.11   6.2   23.59   7.2   0.0   0.0   7.0  27.0   03.13   NNO
13   9.0  13.3   10.13   3.4   06.13   9.3   0.0   0.0   4.0  19.4   16.41   SSE
14  11.0  14.7   02.39   7.6   22.36   7.3   0.0   0.5   9.3  49.0   03.02    NO
15   8.5  12.5   16.15   4.4   06.52   9.8   0.0   0.0   4.0  18.4   17.12   SSE
16   7.9  12.3   10.21   5.0   07.28  10.4   0.0   0.0   2.2  14.8   13.50   ESE
17  10.7  15.8   10.56   5.2   00.58   7.6   0.0   0.0   3.7  23.4   16.11     S
18  11.8  13.7   18.02  11.0   05.05   6.5   0.0   0.0   3.4  28.1   18.02     N
19  11.6  14.2   16.14   8.3   22.26   6.7   0.0   0.0   5.6  33.1   23.33   NNO
20   9.2  12.5   14.52   4.1   06.50   9.1   0.0   0.0   6.1  24.5   17.27    SE
21   7.9  13.8   12.13   1.6   07.24  10.4   0.0   0.0   3.2  15.8   11.13   NNO
22   8.0  12.2   14.30   2.8   03.38  10.3   0.0   0.0   3.2 160.0   14.49     N
23   8.9  13.1   15.19   3.5   06.26   9.4   0.0   0.0   2.5  14.8   15.37     S
24  10.4  37.3   13.00   6.1   06.54   7.9   0.0   0.0   3.7 163.0   13.00     N
25  11.3  19.5   14.33   6.5   07.25   7.0   0.0   0.0   6.9  33.1   13.52   OSO
26  12.5  17.4   12.06   6.8   17.51   5.8   0.0   1.7  18.6  82.1   22.54   ONO
27   9.8  14.9   13.41   4.9   04.10   8.5   0.0   0.0  10.5  40.3   10.22     S
28  11.1  14.8   13.16   5.9   23.58   7.2   0.0   0.0  11.3  45.4   07.23     O
29  10.3  16.2   13.37   3.0   05.24   8.0   0.0   0.0   6.9  40.3   23.55    SE
----------------------------------------------------------------------------------
     9.9  37.3    24    -0.1     7   243.5   0.3   2.2   7.2 163.0    24      NO

Max >=  30.0:  1
Max <=  20.0: 28
Min <=   0.0:  1
Min <=  -5.0:  0
Max Rain: 1.7 on day 26
Days of Rain: 1 (>= 1.0 mm)  0 (>= 5.0 mm)  0 (>= 20.0 mm)
Heat Base: 18.3  Cool Base: 18.3  Method: Integration