Selezionare il report desiderato (mese/anno)

Report relativo al mese/anno: Mar 2020
                   Monthly Climatological Summary for mar 2020

Name: MeteoBellaria   City: Bellaria I.M. (RN)   State: Italy
Elevation: 4 m  Lat: N 44 08' 38"   Lon: E 012 27' 55"

                  Temperature (C), Rain (mm), Wind Speed (km/h)

                                      Heat  Cool        Avg
    Mean                              Deg   Deg         Wind                 Dom
Day Temp  High   Time   Low    Time   Days  Days  Rain  Speed High   Time    Dir
----------------------------------------------------------------------------------
 1  11.2  14.8   09.12   7.8   23.59   7.1   0.0   0.0   7.9  41.8   00.08    SE
 2  11.9  17.8   14.18   4.9   07.02   6.4   0.0   0.8  16.3  70.9   18.57     E
 3  11.8  15.7   12.10   8.3   23.13   6.5   0.0   0.0   5.7  39.2   03.09     N
 4   8.8  11.2   15.02   4.7   23.59   9.5   0.0   0.0   8.7  35.6   05.55   ENE
 5   8.6  12.1   11.08   2.7   03.53   9.6   0.0   0.0  10.1  50.0   23.33   ONO
 6   9.6  12.4   03.47   6.2   07.10   8.7   0.0   0.0  11.0  55.1   00.40    NO
 7   9.5  11.9   14.57   6.8   00.47   8.8   0.0   0.0   6.1  22.0   08.46   ENE
 8   9.3  13.2   10.46   5.3   06.38   9.0   0.0   0.0   4.8  17.3   08.39   ENE
 9   8.8  12.5   13.57   4.9   00.54   9.5   0.0   0.0   4.6  20.9   14.46     S
10  10.7  14.9   12.48   6.7   06.28   7.6   0.0   0.0   5.4  27.0   10.50     E
11  11.1  14.8   13.13   7.5   04.00   7.2   0.0   0.0   4.6  15.8   15.16    SO
12  10.8  15.1   09.22   6.8   06.18   7.5   0.0   0.0   4.7  18.4   14.18    SE
13  13.6  18.1   11.29   9.3   01.23   4.7   0.0   0.0   3.4  20.9   17.11    SO
14  12.6  13.9   10.27  10.3   23.31   5.7   0.0   0.0   5.4  23.4   02.19   ESE
15  10.1  13.2   13.16   4.2   23.58   8.2   0.0   0.0   5.7  20.9   10.13     E
16   8.4  14.0   14.11   2.2   05.23   9.9   0.0   0.0  13.6 162.0   07.11   NNE
17   9.2  14.1   14.55   3.8   05.11   9.1   0.0   0.0   3.1  15.8   12.13     S
18  11.2  17.6   16.24   5.1   05.03   7.1   0.0   0.0   3.7  24.5   11.19     E
19  12.7  18.0   12.47   7.6   06.44   5.6   0.0   0.0   4.1  24.5   15.03   OSO
20  11.7  15.2   09.24   7.0   06.48   6.6   0.0   0.0   4.2  24.5   13.22   OSO
21  12.3  15.4   09.06   8.0   09.49   6.0   0.0   0.0   3.9  19.4   14.24     S
22  12.0  13.0   04.59   9.4   23.52   6.3   0.0   0.0  15.0  50.0   21.38     O
23   7.0   9.4   00.00   3.1   22.13  11.3   0.0   0.0  12.0  45.4   00.36     O
24   7.7   9.3   14.17   6.7   05.38  10.6   0.0   0.4  22.6  78.5   21.12     O
25   7.5   9.3   16.53   4.5   05.07  10.8   0.0   0.0  25.3  58.7   03.48   ONO
26   8.1  10.5   18.15   5.7   05.25  10.2   0.0   0.7  16.5  41.8   09.04   OSO
27   8.0  10.1   00.00   5.6   06.11  10.3   0.0   0.1   7.6  30.6   00.37    SE
28  11.6  15.4   15.27   8.0   05.25   6.7   0.0   0.0   5.1  31.7   09.07    SE
29  18.9  55.9   00.06   6.2   06.59   5.0   5.6   0.0   3.0  20.9   17.30   ONO
30  10.8  14.8   13.40   5.1   07.10   7.5   0.0   0.0   7.9  37.8   17.16   ONO
31   8.9  11.3   00.00   5.0   22.31   9.4   0.0   0.2   8.0  36.7   00.48   OSO
----------------------------------------------------------------------------------
    10.5  55.9    29     2.2    16   248.4   5.6   2.2   8.4 162.0    16       O

Max >=  30.0:  1
Max <=  20.0: 30
Min <=   0.0:  0
Min <=  -5.0:  0
Max Rain: 0.8 on day 2
Days of Rain: 0 (>= 1.0 mm)  0 (>= 5.0 mm)  0 (>= 20.0 mm)
Heat Base: 18.3  Cool Base: 18.3  Method: Integration