Selezionare il report desiderato (mese/anno)

Report relativo al mese/anno: Apr 2020
                   Monthly Climatological Summary for apr 2020

Name: MeteoBellaria   City: Bellaria I.M. (RN)   State: Italy
Elevation: 4 m  Lat: N 44 08' 38"   Lon: E 012 27' 55"

                  Temperature (C), Rain (mm), Wind Speed (km/h)

                                      Heat  Cool        Avg
    Mean                              Deg   Deg         Wind                 Dom
Day Temp  High   Time   Low    Time   Days  Days  Rain  Speed High   Time    Dir
----------------------------------------------------------------------------------
 1   8.6  10.7   14.24   2.3   23.45   9.7   0.0   0.0  10.2  40.3   03.02   OSO
 2   6.8  12.1   14.23   0.3   07.01  11.5   0.0   0.0   2.7  18.4   18.50   OSO
 3   8.0  12.8   14.52   1.1   06.55  10.3   0.0   0.0   1.3  13.3   13.39   OSO
 4  10.6  16.9   14.40   3.6   05.55   7.7   0.0   0.0   3.8  22.0   09.01    SE
 5  11.8  16.4   19.03   6.2   06.30   6.5   0.0   0.0   6.8  23.4   17.14   SSE
 6  12.6  17.6   14.52   8.0   02.22   5.7   0.0   0.0   5.7  29.5   08.49    SE
 7  12.2  17.2   16.35   6.6   07.02   6.1   0.0   0.0   2.1  20.9   09.16     S
 8  11.8  17.6   16.13   4.8   06.34   6.5   0.0   0.0   2.9  23.4   09.41   SSE
 9  12.7  19.2   19.11   4.3   05.55   5.6   0.0   0.0   2.8  17.3   10.16     S
10  14.5  21.5   18.41   5.7   13.22   4.2   0.5   0.0   1.1  23.4   13.58   OSO
11  15.2  20.3   14.46   9.7   05.32   3.3   0.2   0.0   2.2  24.5   18.35   ONO
12  15.0  19.6   15.34   9.4   05.31   3.4   0.1   0.0   2.7  22.0   16.44   ONO
13  15.6  19.7   17.05   9.6   05.31   2.9   0.2   0.0   3.4  47.9   21.23     N
14  14.5  18.0   11.17  12.0   23.58   3.8   0.0   0.1  14.0  63.7   15.42    NO
15  11.8  13.8   14.05   6.6   23.51   6.5   0.0   0.0   7.8  42.8   00.27   OSO
16  11.0  15.4   13.50   3.9   03.31   7.3   0.0   0.0   5.0  33.1   17.42     O
17  13.6  18.2   12.19   7.8   03.51   4.7   0.0   0.0   3.0  23.4   14.43   ONO
18  15.2  19.5   10.26  10.0   06.10   3.1   0.0   0.0   2.4  22.0   18.11   ONO
19  15.8  18.7   10.18  11.2   06.42   2.5   0.0   0.0   4.2  22.0   20.47     O
20  15.4  16.8   00.00  13.7   23.39   2.9   0.0   0.0   6.8  29.5   13.34     O
21  13.4  14.8   14.37  12.3   07.43   4.9   0.0   0.4   4.4  25.6   04.27     O
22  14.7  17.8   16.59  11.5   23.57   3.6   0.0   0.1   4.4  28.1   10.08   SSO
23  13.8  18.8   15.13   8.3   03.29   4.5   0.0   0.0   4.6  23.4   09.10    SE
24  13.8  18.4   09.55   7.3   05.58   4.5   0.0   0.0   3.3  24.5   19.03     O
25  17.1  21.1   18.46  11.2   03.03   1.9   0.7   0.0   3.7  33.1   17.09   ONO
26  17.9  21.7   11.13  14.5   07.51   0.9   0.5   1.9   5.3  34.2   16.21    SE
27  16.7  20.6   17.52  11.2   06.13   2.2   0.5   0.0   4.8  36.7   17.27    SE
28  16.7  20.8   12.19  14.1   05.55   1.8   0.2   0.8   4.0  37.8   11.39   SSO
29  18.2  22.8   16.47  13.8   04.08   1.6   1.5   0.3   9.4  47.9   13.23   ONO
30  17.2  19.8   13.33  13.6   05.47   1.3   0.2   0.0   5.3 164.0   23.52    SE
----------------------------------------------------------------------------------
    13.7  22.8    29     0.3     2   141.4   4.6   3.6   4.7 164.0    30     OSO

Max >=  30.0:  0
Max <=  20.0: 23
Min <=   0.0:  0
Min <=  -5.0:  0
Max Rain: 1.9 on day 26
Days of Rain: 1 (>= 1.0 mm)  0 (>= 5.0 mm)  0 (>= 20.0 mm)
Heat Base: 18.3  Cool Base: 18.3  Method: Integration