Selezionare il report desiderato (mese/anno)

Report relativo al mese/anno: Lug 2020
                   Monthly Climatological Summary for lug 2020

Name: MeteoBellaria   City: Bellaria I.M. (RN)   State: Italy
Elevation: 4 m  Lat: N 44 08' 38"   Lon: E 012 27' 55"

                  Temperature (C), Rain (mm), Wind Speed (km/h)

                                      Heat  Cool        Avg
    Mean                              Deg   Deg         Wind                 Dom
Day Temp  High   Time   Low    Time   Days  Days  Rain  Speed High   Time    Dir
----------------------------------------------------------------------------------
 1  26.2  29.7   11.27  20.9   04.06   0.0   7.9   0.0   4.1  29.5   15.55     E
 2  25.9  28.6   15.51  22.7   03.49   0.0   7.6   0.0   5.5  36.7   08.33   NNE
 3  25.4  28.6   14.41  21.9   06.13   0.0   7.1   0.0   6.2  37.8   19.05   NNE
 4  24.7  28.0   16.09  20.4   06.56   0.0   6.4   0.0   5.6  36.7   06.24   NNO
 5  24.8  30.1   18.26  18.7   04.34   0.0   6.5   0.0   2.6  20.9   09.49   NNO
 6  25.3  29.9   16.22  18.8   05.45   0.0   7.0   0.0   2.9  24.5   08.41     N
 7  22.9  25.9   00.00  18.4   23.58   0.0   4.6   0.0  13.1  73.4   06.42   ENE
 8  21.6  25.8   14.14  15.0   05.19   0.7   3.9   0.0   2.4  19.4   14.30   ENE
 9  23.5  27.2   15.20  17.6   05.39   0.1   5.2   0.0   2.9  19.4   12.45   ENE
10  25.2  28.7   14.52  19.9   05.18   0.0   6.9   0.0   4.2 160.0   16.42     E
11  25.8  29.6   14.06  21.5   03.47   0.0   7.5   0.0   5.9  62.3   20.38   ENE
12  23.6  25.5   14.53  20.5   06.40   0.0   5.3   0.4   7.7  33.1   10.20     E
13  23.5  25.5   15.33  17.6   05.33   0.0   5.2   0.0   5.2  28.1   00.28   ENE
14  21.7  25.5   17.32 -12.2   13.31   0.4   3.8   0.2   4.8 163.0   13.31   NNO
15  22.0  26.5   13.27  16.4   05.39   0.3   4.0   0.0   3.9  25.6   17.04   ESE
16  23.3  27.5   15.49  18.5   03.36   0.0   5.0   0.0   4.5  25.6   09.15    NE
17  22.3  25.3   15.56  20.5   02.18   0.0   4.0   1.7   3.2  28.1   07.50     E
18  22.6  25.2   15.01  18.7   06.53   0.0   4.3   0.5   1.8  25.6   03.00    NE
19  22.6  26.1   16.23  16.2   06.06   0.2   4.5   0.0   3.7  27.0   18.25   ESE
20  24.3  27.4   15.35  19.2   03.55   0.0   6.0   0.0   4.6  23.4   15.51   ESE
21  25.0  28.3   12.19  20.2   05.38   0.0   6.7   0.0   3.3  23.4   17.27     E
22  26.4  29.9   12.42  21.5   05.01   0.0   8.1   0.0   3.7  19.4   23.49     E
23  25.5  28.1   14.33  21.9   04.45   0.0   7.2   0.0   4.7  55.1   03.25    NE
24  22.9  27.3   11.31  19.7   13.49   0.0   4.6   3.2   6.2  43.9   12.40    NO
25  23.9  27.7   13.53  18.5   06.11   0.0   5.6   0.0   4.3  22.0   18.08   ESE
26  25.0  28.8   13.40  19.2   06.16   0.0   6.7   0.0   3.6  27.0   16.05   ESE
27  25.2  29.7   15.32  20.3   06.12   0.0   6.9   0.0   3.5  22.0   16.38     E
28  26.3  29.9   16.08  21.2   05.44   0.0   8.1   0.0   3.7  20.9   19.40     E
29  26.9  29.7   14.31  22.8   04.10   0.0   8.6   0.0   4.1  19.4   14.45     E
30  23.4  27.9   00.00  18.5   09.02   0.0   5.1   0.0   3.8  12.2   16.04     N
31  28.3  32.9   18.21  25.4   00.00   0.0  10.0   0.0   7.2  24.5   19.45   NNE
----------------------------------------------------------------------------------
    24.4  32.9    31   -12.2    14     1.7 190.3   6.0   4.6 163.0    14     ENE

Max >=  30.0:  2
Max <=  20.0:  0
Min <=   0.0:  1
Min <=  -5.0:  1
Max Rain: 3.2 on day 24
Days of Rain: 2 (>= 1.0 mm)  0 (>= 5.0 mm)  0 (>= 20.0 mm)
Heat Base: 18.3  Cool Base: 18.3  Method: Integration