Selezionare il report desiderato (mese/anno)

Report relativo al mese/anno: Ago 2020
                   Monthly Climatological Summary for ago 2020

Name: MeteoBellaria   City: Bellaria I.M. (RN)   State: Italy
Elevation: 4 m  Lat: N 44 08' 38"   Lon: E 012 27' 55"

                  Temperature (C), Rain (mm), Wind Speed (km/h)

                                      Heat  Cool        Avg
    Mean                              Deg   Deg         Wind                 Dom
Day Temp  High   Time   Low    Time   Days  Days  Rain  Speed High   Time    Dir
----------------------------------------------------------------------------------
 1  28.8  31.4   13.39  24.5   06.19   0.0  10.5   0.0   2.5  17.3   18.07     E
 2  27.8  29.6   16.30  24.7   07.05   0.0   9.5   0.0   6.6  50.0   05.19   NNE
 3  25.8  28.8   14.38  23.4   07.10   0.0   7.5   0.0   4.0  49.0   16.06   NNE
 4  20.5  24.1   00.00  17.4   13.32   0.1   2.3   2.0   6.2  33.1   12.05   ONO
 5  21.7  25.7   14.45  17.8   05.27   0.1   3.5   0.4   4.0  28.1   01.03    NO
 6  23.9  27.5   16.05  19.9   06.07   0.0   5.6   0.0   6.4 141.0   17.41    NO
 7  25.5  29.2   19.10  20.5   05.35   0.0   7.2   0.0   5.4  25.6   08.19    NO
 8  26.7  36.3   18.19  22.3   05.25   0.0   8.4   0.0   6.9  29.5   12.05    NO
 9  26.5  29.5   13.54  21.7   04.20   0.0   8.2   0.0   2.7  19.4   09.00     N
10  22.9  31.1   14.35  -4.0   17.58   1.0   5.6   0.0   3.2 109.0   17.58    SE
11  26.5  29.2   16.06  20.8   06.08   0.0   8.2   0.0   2.1  17.3   20.25     E
12  27.8  29.9   15.00  22.7   05.48   0.0   9.5   0.0   3.4  18.4   12.55    NE
13  23.3  28.5   00.00  22.9   06.55   0.0   5.0   0.0   0.0   7.2   00.00     S
14  26.9  30.8   15.03  20.4   05.52   0.0   8.6   0.0   3.4  23.4   18.55   ENE
15  26.1  29.8   16.47  22.0   06.23   0.0   7.8   0.0   2.5  18.4   15.28    NE
16  24.9  30.9   00.00  24.9   00.00   0.0   6.6   2.3   0.2   7.2   00.00    SE
17  24.9  24.9   00.00  24.9   00.00   0.0   6.6   0.0   0.2   0.0   00.00    SE
18  24.9  24.9   00.00  24.9   00.00   0.0   6.6   0.0   0.2   0.0   00.00    SE
19  24.9  24.9   00.00  24.9   00.00   0.0   6.6   0.0   0.2   0.0   00.00    SE
20  24.9  24.9   00.00  24.9   00.00   0.0   6.6   0.0   0.2   0.0   00.00    SE
21  24.9  24.9   00.00  24.9   00.00   0.0   6.6   0.0   0.2   0.0   00.00    SE
22  24.9  24.9   00.00  24.9   00.00   0.0   6.6   0.0   0.2   0.0   00.00    SE
23  24.9  24.9   00.00  24.9   00.00   0.0   6.6   0.0   0.2   0.0   00.00    SE
24  24.9  24.9   00.00  24.9   00.00   0.0   6.6   0.0   0.2   0.0   00.00    SE
25  24.9  24.9   00.00  24.9   00.00   0.0   6.6   0.0   0.2   0.0   00.00    SE
26  24.9  24.9   00.00  24.9   00.00   0.0   6.6   0.0   0.2   0.0   00.00    SE
27  24.9  24.9   00.00  24.9   00.00   0.0   6.6   0.0   0.2   0.0   00.00    SE
28  25.2  29.7   21.23  24.9   00.00   0.0   6.9   0.2   0.8  27.0   23.11     S
29  28.6  34.2   17.42  23.4   05.28   0.0  10.3   0.0  10.3  55.1   18.51   SSE
30  25.9  28.5   12.47  21.9   07.09   0.0   7.6   0.0  11.4  97.9   06.37   SSO
31  19.8  22.6   00.00  16.9   19.22   0.3   1.7   0.4   3.9  22.0   14.23   OSO
----------------------------------------------------------------------------------
    25.1  36.3     8    -4.0    10     1.5 213.1   5.3   2.8 141.0     6     NNO

Max >=  30.0:  6
Max <=  20.0:  0
Min <=   0.0:  1
Min <=  -5.0:  0
Max Rain: 2.3 on day 16
Days of Rain: 2 (>= 1.0 mm)  0 (>= 5.0 mm)  0 (>= 20.0 mm)
Heat Base: 18.3  Cool Base: 18.3  Method: Integration