Selezionare il report desiderato (mese/anno)

Report relativo al mese/anno: Set 2020
                   Monthly Climatological Summary for set 2020

Name: MeteoBellaria   City: Bellaria I.M. (RN)   State: Italy
Elevation: 4 m  Lat: N 44 08' 38"   Lon: E 012 27' 55"

                  Temperature (C), Rain (mm), Wind Speed (km/h)

                                      Heat  Cool        Avg
    Mean                              Deg   Deg         Wind                 Dom
Day Temp  High   Time   Low    Time   Days  Days  Rain  Speed High   Time    Dir
----------------------------------------------------------------------------------
 1  20.7  25.1   14.23  15.8   05.48   0.6   3.1   0.0   3.8  19.4   01.36    SE
 2  20.8  25.1   17.10  14.7   07.13   0.8   3.2   0.1   4.4  25.6   18.50     E
 3  21.3  25.8   16.41  16.9   05.54   0.2   3.2   0.1   3.2  27.0   09.00   NNO
 4  21.7  26.3   14.16  16.5   06.45   0.4   3.8   0.0   1.7  18.4   15.41    NE
 5  22.0  26.6   15.34  16.0   06.41   0.4   4.1   0.0   2.3 201.0   12.57   ENE
 6  23.1  27.0   13.53  18.2   05.14   0.0   4.8   0.0   2.3  17.3   15.14   ENE
 7  23.6  27.3   15.10  18.5   06.12   0.0   5.3   0.0   3.3  18.4   15.17   ENE
 8  23.2  35.9   00.51  20.1   05.55   0.0   4.9   0.0   4.6  20.9   08.30   NNO
 9  22.4  27.0   16.07  17.2   05.59   0.1   4.3   0.0   3.0  18.4   09.02   NNE
10  23.3  27.0   13.52  18.5   06.58   0.0   5.0   0.0   1.7  17.3   14.23   ENE
11  23.7  27.8   14.50  19.9   06.43   0.0   5.4   0.8   1.8  14.8   08.58   NNE
12  23.3  28.5   17.58  18.6   03.48   0.0   5.0   0.0   4.2 157.0   17.58    NO
13  24.1  27.7   17.12  18.9   05.18   0.0   5.8   0.6   4.0  24.5   08.25    NO
14  24.3  28.1   16.12  19.5   03.56   0.0   6.0   0.0   4.5  23.4   08.20    NO
15  23.8  28.6   16.27  19.0   05.57   0.0   5.5   0.0   4.1  27.0   08.52    NO
16  23.7  28.7   15.49  18.7   06.13   0.0   5.4   0.0   3.3  31.7   09.49    NO
17  24.2  28.4   16.09  20.4   06.14   0.0   5.9   0.0   5.4  31.7   08.52    NO
18  24.0  34.0   17.30  20.8   06.50   0.0   5.8   0.0   4.1 160.0   17.30    NE
19  21.6  25.1   11.46  16.7   06.41   0.2   3.5   0.0   1.4  14.8   14.27   ENE
20  21.1  24.7   15.13  17.0   07.00   0.2   3.0   0.0   2.8  33.1   21.37   ESE
21  20.7  24.3   12.29  16.8   07.12   0.1   2.5   0.1   1.5  17.3   18.17    SE
22  20.5  24.6   12.53  17.5   04.52   0.1   2.3   0.2   2.0  24.5   15.45   ESE
23  21.4  25.9   15.41  17.6   06.49   0.1   3.2   0.1   1.2  20.9   14.49    SO
24  22.6  27.3   15.39  17.7   06.54   0.0   4.4   0.0   3.8  29.5   13.02   SSE
25  20.4  26.7   12.33  13.2   21.40   0.7   2.7   2.4   9.3  60.1   15.51   SSO
26  13.3  13.3   00.00  13.3   00.00   5.0   0.0   0.0   9.4  60.1   01.18   ONO
27  13.3  13.3   00.00  13.3   00.00   5.0   0.0   0.7   5.8  42.8   00.35     O
28  13.3  13.3   00.00  13.3   00.00   5.0   0.0   0.5   4.1  39.2   19.44     O
29  13.3  13.3   00.00  13.3   00.00   5.0   0.0   0.1   0.9  12.2   12.54   NNE
30  13.3  13.3   00.00  13.3   00.00   5.0   0.0   0.0   0.9  15.8   13.32    NE
----------------------------------------------------------------------------------
    20.9  35.9     8    13.2    25    28.9 108.1   5.7   3.5 201.0     5      NO

Max >=  30.0:  2
Max <=  20.0:  5
Min <=   0.0:  0
Min <=  -5.0:  0
Max Rain: 2.4 on day 25
Days of Rain: 1 (>= 1.0 mm)  0 (>= 5.0 mm)  0 (>= 20.0 mm)
Heat Base: 18.3  Cool Base: 18.3  Method: Integration