Selezionare il report desiderato (mese/anno)

Report relativo al mese/anno: Ott 2020
                   Monthly Climatological Summary for ott 2020

Name: MeteoBellaria   City: Bellaria I.M. (RN)   State: Italy
Elevation: 4 m  Lat: N 44 08' 38"   Lon: E 012 27' 55"

                  Temperature (C), Rain (mm), Wind Speed (km/h)

                                      Heat  Cool        Avg
    Mean                              Deg   Deg         Wind                 Dom
Day Temp  High   Time   Low    Time   Days  Days  Rain  Speed High   Time    Dir
----------------------------------------------------------------------------------
 1  13.3  13.3   00.00  13.3   00.00   5.0   0.0   0.0   0.0   5.0   03.19   SSO
 2  13.3  13.3   00.00  13.3   00.00   5.0   0.0   0.0   0.0   0.0   00.00   ---
 3  13.3  13.3   00.00  13.3   00.00   5.0   0.0   0.0   0.0   0.0   00.00   ---
 4  13.3  13.3   00.00  13.3   00.00   5.0   0.0   0.0   0.0   0.0   00.00   ---
 5  13.3  13.3   00.00  13.3   00.00   5.0   0.0   0.0   0.0   0.0   00.00   ---
 6  13.3  13.3   00.00  13.3   00.00   5.0   0.0   0.0   0.0   0.0   00.00   ---
 7  13.3  13.3   00.00  13.3   00.00   5.0   0.0   0.0   0.0   0.0   00.00   ---
 8  13.3  13.3   00.00  13.3   00.00   5.0   0.0   0.0   0.0   0.0   00.00   ---
 9  13.3  13.3   00.00  13.3   00.00   5.0   0.0   0.0   0.0   0.0   00.00   ---
10  13.3  13.3   00.00  13.3   00.00   5.0   0.0   0.0   0.0   0.0   00.00   ---
11  13.3  13.3   00.00  13.3   00.00   5.0   0.0   0.0   0.0   0.0   00.00   ---
12  13.3  13.3   00.00  13.3   00.00   5.0   0.0   0.0   0.0   0.0   00.00   ---
13  13.3  13.3   00.00  13.3   00.00   5.0   0.0   0.0   0.0   0.0   00.00   ---
14  13.3  13.3   00.00  13.3   00.00   5.0   0.0   0.0   0.0   0.0   00.00   ---
15  13.3  13.3   00.00  13.3   00.00   5.0   0.0   0.0   0.0   0.0   00.00   ---
16  13.3  13.3   00.00  13.3   00.00   5.0   0.0   0.0   0.0   0.0   00.00   ---
17  14.5  17.4   14.57  10.5   23.38   3.8   0.0   0.0   1.8  19.4   15.36     E
18  12.7  18.0   17.41   7.8   07.28   5.6   0.0   0.0   2.1  22.0   10.05    NO
19  12.8  17.7   14.59   8.1   08.00   5.5   0.0   0.0   0.5  12.2   12.31   NNE
20  13.0  17.2   15.21  -1.2   07.25   5.2   0.0   0.0   0.3  11.2   15.00    NE
21  11.8  15.2   12.06   8.2   06.32   6.5   0.0   0.0   0.8  17.3   12.45     N
22  14.4  18.0   16.12   8.6   07.26   3.9   0.0   0.0   1.2  14.8   13.13     E
23  18.0  18.0   00.00  18.0   00.00   0.3   0.0   0.0   0.0   0.0   00.00   ---
24  18.0  18.0   00.00  18.0   00.00   0.3   0.0   0.0   0.0   0.0   00.00   ---
25  18.0  18.0   00.00  18.0   00.00   0.3   0.0   0.0   0.0   0.0   00.00   ---
26  18.0  18.0   00.00  18.0   00.00   0.3   0.0   0.0   0.0   0.0   00.00   ---
27  18.0  18.0   00.00  18.0   00.00   0.3   0.0   0.0   0.0   0.0   00.00   ---
28  16.9  18.0   00.00   9.5   23.49   1.5   0.0   5.6   0.0   3.6   23.08    SO
29  12.6  18.5   14.08   8.2   03.44   5.7   0.0   0.0   0.1  11.2   04.55     O
30  13.5  17.9   13.31 -38.3   21.12   4.8   0.0   0.0   0.3  78.5   21.12     N
31  12.9  16.8   14.17   9.2   06.06   5.4   0.0   0.0   0.2   8.6   10.56     N
----------------------------------------------------------------------------------
    14.1  18.5    29   -38.3    30   129.4   0.0   5.6   0.2  78.5    30     NNE

Max >=  30.0:  0
Max <=  20.0: 31
Min <=   0.0:  2
Min <=  -5.0:  1
Max Rain: 5.6 on day 28
Days of Rain: 1 (>= 1.0 mm)  1 (>= 5.0 mm)  0 (>= 20.0 mm)
Heat Base: 18.3  Cool Base: 18.3  Method: Integration