Selezionare il report desiderato (mese/anno)

Report relativo al mese/anno: Nov 2020
                   Monthly Climatological Summary for nov 2020

Name: MeteoBellaria   City: Bellaria I.M. (RN)   State: Italy
Elevation: 4 m  Lat: N 44 08' 38"   Lon: E 012 27' 55"

                  Temperature (C), Rain (mm), Wind Speed (km/h)

                                      Heat  Cool        Avg
    Mean                              Deg   Deg         Wind                 Dom
Day Temp  High   Time   Low    Time   Days  Days  Rain  Speed High   Time    Dir
----------------------------------------------------------------------------------
 1  13.1  16.5   12.47   9.0   04.41   5.2   0.0   0.0   0.3  14.8   10.13     N
 2  13.5  17.2   14.10   8.8   06.08   4.8   0.0   0.0   0.5  15.8   14.34   ENE
 3  15.5  16.2   12.17  14.5   06.13   2.8   0.0   0.2   0.1  19.4   20.12     N
 4  15.2  16.0   00.00  14.2   21.50   3.1   0.0   0.0   0.0   7.2   15.11   NNO
 5  14.7  51.5   18.39  11.8   23.56   3.7   0.1   0.0   2.4  20.9   10.23   ONO
 6  13.1  17.3   14.19  10.2   06.57   5.2   0.0   0.0   3.4  27.0   09.25   ONO
 7  12.5  17.7   12.47   8.4   07.08   5.8   0.0   0.0   1.2  19.4   10.18    NO
 8  12.1  17.5   14.40   7.5   07.12   6.2   0.0   0.0   0.0   6.1   10.20    NE
 9  12.4  17.4   14.06   7.8   07.15   5.9   0.0   0.0   0.1   9.7   10.20   NNO
10  11.4  15.7   13.21   8.7   05.31   6.9   0.0   0.0   0.7  13.3   12.35   NNO
11  11.0  12.2   21.30   8.7   02.15   7.3   0.0   0.0   0.2  14.8   04.39   ONO
12  12.1  14.0   12.41  10.1   07.53   6.2   0.0   0.1   0.0   8.6   02.10   ONO
13  13.5  15.1   10.40  11.2   20.09   4.8   0.0   0.0   0.2   8.6   14.25     N
14  12.8  14.0   14.16  11.2   08.05   5.5   0.0   0.0   4.8 174.0   08.05   ONO
15  13.2  14.7   13.32  11.8   00.29   5.1   0.0   0.1   1.3  20.9   00.14     O
16  12.0  14.0   00.00  11.4   06.40   6.3   0.0   0.0   4.3  39.2   23.57   ONO
17  12.7  16.3   14.06   9.7   07.35   5.6   0.0   0.0   8.2  45.4   00.46   NNO
18  11.3  16.0   14.35   7.4   23.56   7.0   0.0   0.0   3.9  23.4   11.02   ONO
19   8.7  14.0   14.36   4.5   05.34   9.6   0.0   0.0   0.1  15.8   23.56    NO
20  11.3  14.7   15.09   6.0   00.25   6.9   0.0   0.4  21.4  69.8   07.46    NE
21   9.2  11.6   00.00 -27.6   21.19   9.1   0.0   0.0  21.7 117.0   21.19    NE
22   5.5  10.1   14.19   2.6   06.34  12.8   0.0   0.0   7.0  34.2   09.51   ONO
23   5.3  10.1   13.34   1.0   06.57  13.0   0.0   0.0   0.9  11.2   08.33   ONO
24   7.1  10.0   13.46   4.9   23.58  11.2   0.0   0.0   5.3  28.1   09.58   ONO
25   7.5  12.3   15.12   4.2   01.22  10.8   0.0   0.0   0.8  13.3   09.21   ONO
26   6.8   9.8   15.55   3.1   03.30  11.5   0.0   0.0   1.1  18.4   09.36   ONO
27   7.2   8.0   11.59   5.7   00.18  11.1   0.0   0.0   0.0   8.6   02.46     O
28   7.5   8.0   12.29   6.8   07.53  10.8   0.0   0.0   4.6  24.5   23.39   ONO
29   8.1   9.1   20.43   7.6   00.00  10.2   0.0   0.0   9.4  30.6   02.52   ONO
30   7.0  10.6   14.40   2.9   23.52  11.3   0.0   0.0   4.8  27.0   02.18   ONO
----------------------------------------------------------------------------------
    10.8  51.5     5   -27.6    21   225.7   0.1   0.8   3.6 174.0    14     NNO

Max >=  30.0:  1
Max <=  20.0: 29
Min <=   0.0:  1
Min <=  -5.0:  1
Max Rain: 0.4 on day 20
Days of Rain: 0 (>= 1.0 mm)  0 (>= 5.0 mm)  0 (>= 20.0 mm)
Heat Base: 18.3  Cool Base: 18.3  Method: Integration