Selezionare il report desiderato (mese/anno)

Report relativo al mese/anno: Dic 2020
                   Monthly Climatological Summary for dic 2020

Name: MeteoBellaria   City: Bellaria I.M. (RN)   State: Italy
Elevation: 4 m  Lat: N 44 08' 38"   Lon: E 012 27' 55"

                  Temperature (C), Rain (mm), Wind Speed (km/h)

                                      Heat  Cool        Avg
    Mean                              Deg   Deg         Wind                 Dom
Day Temp  High   Time   Low    Time   Days  Days  Rain  Speed High   Time    Dir
----------------------------------------------------------------------------------
 1   5.0   5.9   21.37   2.9   00.29  13.3   0.0   0.4   2.4  19.4   16.34   ONO
 2   5.2   6.8   07.08   3.6   23.56  13.1   0.0   0.2  10.1  46.4   08.26   ONO
 3   5.3   7.5   13.17   3.0   03.19  13.0   0.0   0.0   3.9  42.8   00.56   ONO
 4   8.8  15.3   22.46   2.9   06.48   9.5   0.0   0.0  10.7  61.2   23.57    SE
 5  15.0  17.2   19.55  13.0   01.17   3.3   0.0   0.0  13.7  56.2   00.07    SE
 6  10.0  15.6   00.00   5.2   17.54   8.3   0.0   0.0   4.7 163.0   17.54   OSO
 7  10.2  14.4   13.35   7.6   00.00   8.1   0.0   0.0   3.4  27.0   13.32   SSE
 8   8.9  11.6   14.05   6.3   20.11   9.4   0.0   0.0   3.7  33.1   08.37   SSE
 9   7.9   9.7   13.19   6.6   00.00  10.4   0.0   0.0   2.4  24.5   06.38   ONO
10   7.6   9.0   14.40   6.8   02.29  10.7   0.0   0.0   7.7  13.3   01.41     N
11   7.8   9.9   11.24   5.8   23.32  10.5   0.0   0.0   0.7  13.3   09.32   NNO
12   6.7   8.1   13.12   5.5   05.36  11.6   0.0   0.0   1.8  20.9   23.13   ONO
13   7.1  10.5   14.45   4.2   23.14  11.2   0.0   0.0   4.4  35.6   12.24   ONO
14   5.2  10.3   15.05   1.7   07.30  13.1   0.0   0.0   0.4  20.9   10.53   ONO
15   4.6   9.6   15.19   1.5   03.51  13.7   0.0   0.0   0.0   9.7   13.58    NO
16   6.8  10.8   13.29   2.6   02.33  11.5   0.0   0.0   0.0   9.7   13.14   ONO
17   8.2   9.9   13.59 -28.2   19.32  10.1   0.0   0.0   0.1   6.1   03.28     N
18   8.8  10.5   13.44   7.5   06.19   9.5   0.0   0.0   0.1  12.2   12.17   ONO
19   8.8   9.4   04.16   8.2   22.29   9.5   0.0   0.0   0.0   9.7   15.34    SE
20   7.9   8.7   23.57   7.0   08.08  10.4   0.0   0.0   0.0  11.2   22.48     O
21   8.6   9.2   12.05   8.1   04.55   9.7   0.0   0.0   0.0   6.1   10.58   ONO
22   8.6  11.7   13.25   6.7   22.43   9.7   0.0   0.0   0.0   1.1   06.56   ---
23   9.3  11.1   15.29   6.9   00.09   9.0   0.0   0.0   0.0   7.2   03.09   ONO
24  13.3  17.1   15.45   8.9   00.00   5.0   0.0   0.0   3.0  40.3   13.00   SSO
25   9.8  13.7   04.16   6.7   09.17   8.5   0.0   0.0   1.6  19.4   13.46    SO
26   8.3   9.8   08.47   6.5   05.09  10.0   0.0   0.0  12.3  52.6   08.32    NE
27   3.5   7.5   00.00   0.8   21.03  14.8   0.0   0.0   8.9  39.2   08.22   ONO
28   7.2  12.0   10.54   1.6   00.00  11.1   0.0   0.0  13.0  55.1   12.27   SSE
29   9.8  14.4   11.36   1.4   00.27   8.5   0.0   0.0   7.1  40.3   15.39   SSO
30   5.1   7.3   01.21   2.7   07.37  13.2   0.0   0.0   3.5  23.4   01.21     N
31   6.8  11.0   15.33   4.7   08.26  11.5   0.0   0.0   0.9  20.9   05.03   ONO
----------------------------------------------------------------------------------
     7.9  17.2     5   -28.2    17   321.2   0.0   0.6   3.9 163.0     6      SO

Max >=  30.0:  0
Max <=  20.0: 31
Min <=   0.0:  1
Min <=  -5.0:  1
Max Rain: 0.4 on day 1
Days of Rain: 0 (>= 1.0 mm)  0 (>= 5.0 mm)  0 (>= 20.0 mm)
Heat Base: 18.3  Cool Base: 18.3  Method: Integration