Selezionare il report desiderato (mese/anno)

Report relativo al mese/anno: Gen 2021
                   Monthly Climatological Summary for gen 2021

Name: MeteoBellaria   City: Bellaria I.M. (RN)   State: Italy
Elevation: 4 m  Lat: N 44 08' 38"   Lon: E 012 27' 55"

                  Temperature (C), Rain (mm), Wind Speed (km/h)

                                      Heat  Cool        Avg
    Mean                              Deg   Deg         Wind                 Dom
Day Temp  High   Time   Low    Time   Days  Days  Rain  Speed High   Time    Dir
----------------------------------------------------------------------------------
 1   8.9  10.7   11.37   5.6   06.20   9.4   0.0   0.0   2.2  24.5   15.27    SE
 2   8.8  10.8   15.36   5.2   07.00   9.5   0.0   0.0   1.6  20.9   21.50   SSE
 3   9.8  13.3   15.16   6.6   23.09   8.5   0.0   0.0   0.8  27.0   01.47     S
 4   6.1   8.2   14.06   2.8   08.30  12.2   0.0   0.0   0.4  12.2   13.03   NNE
 5   6.5   8.9   15.27   4.8   04.46  11.8   0.0   0.0   2.2  22.0   14.22     O
 6   6.9  10.8   11.21   3.7   23.12  11.4   0.0   0.0   1.9  55.1   12.11   ONO
 7   4.2   7.3   13.03   0.7   07.37  14.1   0.0   0.0   0.1  11.2   14.27    NO
 8   4.2   7.2   15.09   2.5   03.47  14.1   0.0   0.0   3.0  27.0   12.24   ONO
 9   3.5   4.2   14.34   2.4   07.21  14.8   0.0   0.0   7.4  30.6   12.05   ONO
10   3.2   6.1   14.08 -22.8   10.08  15.1   0.0   0.0   7.8  56.2   10.08   ONO
11   2.2   3.7   18.58   1.1   04.52  16.1   0.0   0.0   7.9  31.7   03.43   ONO
12   3.5   8.6   15.57   0.9   08.13  14.8   0.0   0.0   2.3  30.6   05.43   ONO
13   2.8   6.8   13.28  -0.9   05.39  15.5   0.0   0.0   0.8  22.0   10.54    NO
14   3.1   7.6   13.59  -0.2   06.20  15.2   0.0   0.0   0.9  15.8   02.49   ONO
15   6.5   8.3   15.27 -20.4   15.36  11.8   0.0   0.0   2.9  28.1   23.52   ENE
16   4.2   8.4   15.02   0.4   07.27  14.1   0.0   0.0   3.3  34.6   15.17   NNE
17   2.5   3.8   15.08   0.8   05.23  15.8   0.0   0.1   0.4  14.8   23.17    NO
18   4.0   6.5   14.52   2.0   00.43  14.3   0.0   0.0   1.0  20.9   10.50    NO
19   5.5   7.5   16.13   3.8   11.10  12.8   0.0   0.0   0.1   9.7   13.25   NNE
20   5.6   6.9   15.30   1.4   09.49  12.8   0.0   0.1   0.2  12.2   11.03    NO
21   3.3   5.2   15.52   2.1   06.25  15.0   0.0   0.0   0.0   8.6   01.31     O
22  14.3  16.6   15.01   3.6   00.00   4.0   0.0   0.0  15.8  69.8   16.38     S
23  12.5  14.0   01.00  10.0   08.36   5.8   0.0   0.0  16.3  56.2   04.53   OSO
24   8.7  12.5   00.00   4.5   19.44   9.7   0.0   0.0  13.0  39.2   00.00     O
25   5.2   7.3   11.02   2.2   23.24  13.1   0.0   0.0   5.1  41.8   14.42     O
26   4.6  10.2   14.42   0.6   06.07  13.7   0.0   0.0   2.6  31.7   12.09    NO
27   4.1   9.1   12.09 -15.9   13.25  14.2   0.0   0.0   0.7   3.6   01.02   ---
28   3.8   8.0   14.07   0.2   04.21  14.5   0.0   0.0   0.0   7.2   11.39   ESE
29   4.0   7.5   15.27   1.5   02.58  14.3   0.0   0.0   0.7  39.2   09.30    NO
30   8.7  15.3   16.07   1.0   02.19   9.6   0.0   0.0   1.2  25.6   23.43   SSE
31   8.4  13.6   01.09   6.7   22.41   9.9   0.0   0.0   6.6  40.3   14.20   ONO
----------------------------------------------------------------------------------
     5.8  16.6    22   -22.8    10   387.9   0.0   0.2   3.5  69.8    22       O

Max >=  30.0:  0
Max <=  20.0: 31
Min <=   0.0:  5
Min <=  -5.0:  3
Max Rain: 0.1 on day 17
Days of Rain: 0 (>= 1.0 mm)  0 (>= 5.0 mm)  0 (>= 20.0 mm)
Heat Base: 18.3  Cool Base: 18.3  Method: Integration