Selezionare il report desiderato (mese/anno)

Report relativo al mese/anno: Feb 2021
                   Monthly Climatological Summary for feb 2021

Name: MeteoBellaria   City: Bellaria I.M. (RN)   State: Italy
Elevation: 4 m  Lat: N 44 08' 38"   Lon: E 012 27' 55"

                  Temperature (C), Rain (mm), Wind Speed (km/h)

                                      Heat  Cool        Avg
    Mean                              Deg   Deg         Wind                 Dom
Day Temp  High   Time   Low    Time   Days  Days  Rain  Speed High   Time    Dir
----------------------------------------------------------------------------------
 1   6.8   7.7   15.24   5.5   07.55  11.5   0.0   0.0   0.4  18.4   03.00   ONO
 2   7.5  10.7   13.49   3.9   23.56  10.8   0.0   0.0   0.2  13.3   04.35     N
 3   7.1   9.1   11.41   3.6   02.08  11.2   0.0   0.0   0.7  17.3   01.31   ONO
 4   7.9  10.1   13.59   6.8   07.11  10.4   0.0   0.0   0.2  12.2   01.16   NNO
 5   7.8   9.0   14.11 -30.0   06.31  10.5   0.0   0.0   0.1   9.7   14.29     N
 6   8.9   9.6   11.32   8.2   00.37   9.4   0.0   0.0   0.0   1.1   06.20   ---
 7  11.5  16.1   14.38   8.9   00.13   6.8   0.0   0.0   2.6  24.5   09.04     S
 8  12.6  15.4   14.19   8.6   07.25   5.7   0.0   0.0   8.6  61.2   11.28     O
 9  11.8  14.3   11.08  10.0   06.13   6.5   0.0   0.0   1.8  27.0   11.21   ONO
10  12.5  15.7   10.33   8.2   23.41   5.8   0.0   0.0   4.5  35.6   09.44     S
11   9.3  12.3   11.12   6.8   07.20   9.0   0.0   0.0   6.2  39.2   20.32     E
12   6.2   7.9   00.00   3.5   23.51  12.1   0.0   0.0  13.3  39.2   09.49     E
13   2.6   3.9   12.40   1.5   11.00  15.7   0.0   0.0  14.6  42.8   04.19    NE
14   4.7   7.1   18.59 -19.1   02.43  13.6   0.0   0.0  11.9  56.2   03.32   NNE
15   3.1   8.7   12.10  -7.9   06.16  15.2   0.0   0.0   0.3 176.0   06.16    NO
16   5.7   9.6   11.59   0.5   04.09  12.6   0.0   0.0   1.6   9.7   11.59    NE
17   7.9  11.3   12.21   4.5   00.49  10.4   0.0   0.0   1.0  18.4   12.44   NNO
18   8.8  10.7   11.49   5.2   07.25   9.5   0.0   0.0   0.0   7.2   10.47     N
19   9.8   9.8   00.00   9.8   00.00   8.5   0.0   0.0   0.0   0.0   00.00   ---
20  10.3  12.2   15.26   9.5   22.33   8.0   0.0   0.0   0.1  11.2   10.59   NNE
21   7.9  10.6   10.37   4.1   07.26  10.4   0.0   0.0   0.4  14.8   11.22   NNO
22   9.2  12.1   14.11   5.0   02.29   9.1   0.0   0.0   0.3  11.2   05.51   ENE
23   8.1  11.6   14.53   5.4   02.53  10.2   0.0   0.0   0.1  12.2   16.21     E
24  12.0  19.6   13.55   4.9   00.42   6.3   0.0   0.0   2.1  31.7   10.53    NO
25  12.2  18.2   11.41   6.6   23.06   6.1   0.0   0.0   0.8  20.9   11.17    NO
26  11.6  16.0   12.23   7.2   06.38   6.7   0.0   0.0   0.2  12.2   14.00   ENE
27  11.2  15.4   11.16   5.3   07.02   7.1   0.0   0.0   3.1  36.7   21.27     E
28   9.6  12.8   16.49   3.4   23.53   8.7   0.0   0.0   4.9  43.9   01.05    NE
----------------------------------------------------------------------------------
     8.7  19.6    24   -30.0     5   267.8   0.0   0.0   2.9 176.0    15      NE

Max >=  30.0:  0
Max <=  20.0: 28
Min <=   0.0:  3
Min <=  -5.0:  3
Max Rain: 0.0 on day 0
Days of Rain: 0 (>= 1.0 mm)  0 (>= 5.0 mm)  0 (>= 20.0 mm)
Heat Base: 18.3  Cool Base: 18.3  Method: Integration